{"id":281,"date":"2019-03-14T15:02:25","date_gmt":"2019-03-14T14:02:25","guid":{"rendered":"http:\/\/isbw.be\/institution\/?page_id=281"},"modified":"2025-08-22T10:03:06","modified_gmt":"2025-08-22T08:03:06","slug":"nos-sources-de-financement","status":"publish","type":"page","link":"https:\/\/isbw.be\/institution\/nos-sources-de-financement\/","title":{"rendered":"Nos sources de financement"},"content":{"rendered":"<div id=\"pl-281\"  class=\"panel-layout\" ><div id=\"pg-281-0\"  class=\"panel-grid panel-has-style\" ><div class=\"siteorigin-panels-stretch panel-row-style panel-row-style-for-281-0\" id=\"Bkg2\" data-stretch-type=\"full\" ><div id=\"pgc-281-0-0\"  class=\"panel-grid-cell\" ><div id=\"panel-281-0-0-0\" class=\"so-panel widget widget_siteorigin-panels-builder panel-first-child panel-last-child\" data-index=\"0\" ><div id=\"pl-w68a8235a1850d\"  class=\"panel-layout\" ><div id=\"pg-w68a8235a1850d-0\"  class=\"panel-grid panel-no-style\" ><div id=\"pgc-w68a8235a1850d-0-0\"  class=\"panel-grid-cell\" ><div id=\"panel-w68a8235a1850d-0-0-0\" class=\"so-panel widget widget_sow-editor panel-first-child panel-last-child\" data-index=\"0\" ><div\n\t\t\t\n\t\t\tclass=\"so-widget-sow-editor so-widget-sow-editor-base\"\n\t\t\t\n\t\t>\n<div class=\"siteorigin-widget-tinymce textwidget\">\n\t<h1><strong>Nos sources de financement<\/strong><\/h1>\n<\/div>\n<\/div><\/div><\/div><\/div><div id=\"pg-w68a8235a1850d-1\"  class=\"panel-grid panel-has-style\" ><div class=\"Titrenonbouton panel-row-style panel-row-style-for-w68a8235a1850d-1\" ><div id=\"pgc-w68a8235a1850d-1-0\"  class=\"panel-grid-cell\" ><div id=\"panel-w68a8235a1850d-1-0-0\" class=\"so-panel widget widget_sow-icon panel-first-child panel-last-child\" data-index=\"1\" ><div\n\t\t\t\n\t\t\tclass=\"so-widget-sow-icon so-widget-sow-icon-default-bea670614984\"\n\t\t\t\n\t\t>\n<div class=\"sow-icon-container sow-icon\">\n\t\t\t<span class=\"sow-icon-fontawesome sow-fas\" data-sow-icon=\"&#xf0a9;\"\n\t\t \n\t\taria-hidden=\"true\"><\/span>\t<\/div>\n<\/div><\/div><\/div><div id=\"pgc-w68a8235a1850d-1-1\"  class=\"panel-grid-cell\" ><div id=\"panel-w68a8235a1850d-1-1-0\" class=\"so-panel widget widget_sow-editor panel-first-child panel-last-child\" data-index=\"2\" ><div class=\"panel-widget-style panel-widget-style-for-w68a8235a1850d-1-1-0\" ><div\n\t\t\t\n\t\t\tclass=\"so-widget-sow-editor so-widget-sow-editor-base\"\n\t\t\t\n\t\t>\n<div class=\"siteorigin-widget-tinymce textwidget\">\n\t<h2>Qui nous finance ?<\/h2>\n<div id=\"gtx-trans\" style=\"position: absolute; left: -208px; top: -4.09375px;\">\n<div class=\"gtx-trans-icon\"><\/div>\n<\/div>\n<\/div>\n<\/div><\/div><\/div><\/div><\/div><\/div><div id=\"pg-w68a8235a1850d-2\"  class=\"panel-grid panel-no-style\" ><div id=\"pgc-w68a8235a1850d-2-0\"  class=\"panel-grid-cell panel-grid-cell-empty\" ><\/div><div id=\"pgc-w68a8235a1850d-2-1\"  class=\"panel-grid-cell\" ><div id=\"panel-w68a8235a1850d-2-1-0\" class=\"so-panel widget widget_sow-editor panel-first-child panel-last-child\" data-index=\"3\" ><div class=\"BlocTexteDeco panel-widget-style panel-widget-style-for-w68a8235a1850d-2-1-0\" ><div\n\t\t\t\n\t\t\tclass=\"so-widget-sow-editor so-widget-sow-editor-base\"\n\t\t\t\n\t\t>\n<div class=\"siteorigin-widget-tinymce textwidget\">\n\t<h3>Les sources de financement de l'Intercommunale<\/h3>\n<p style=\"text-align: left; padding-left: 30px;\">L\u2019ISBW est une intercommunale sociale. Elle r\u00e9alise ses missions gr\u00e2ce \u00e0 diverses sources de financement :<\/p>\n<ul class=\"Decaliste\">\n<li style=\"text-align: left;\">L\u2019apport des pouvoirs locaux membres de l\u2019Intercommunale : les 27 communes du Brabant wallon et la Province du Brabant wallon ;<\/li>\n<li style=\"text-align: left;\">Des subsides de l\u2019AVIQ (pour les missions d\u2019aide aux familles et aux a\u00een\u00e9s et d\u2019accompagnement des personnes porteuses de handicap) et de l\u2019ONE (pour les missions d\u2019accueil de l\u2019enfant de 0 \u00e0 3 ans chez des accueillantes, d\u2019enfants de 3 \u00e0 12 ans \u00e0 l\u2019accueil extrascolaire et aux plaines et pour les formations des professionnels de l\u2019enfance) ;<\/li>\n<li style=\"text-align: left;\">La participation des usagers des services : Cette participation varie suivant les missions et les contraintes impos\u00e9es par les pouvoirs subsidiants (par exemple, en mati\u00e8re d\u2019accueil d\u2019enfants de 0 \u00e0 3 ans chez les accueillantes, c\u2019est l\u2019ONE qui d\u00e9termine le montant de la participation financi\u00e8re des parents en fonction de leur capacit\u00e9 contributive). En tout \u00e9tat de cause, la participation des usagers est toujours calcul\u00e9e de telle mani\u00e8re qu\u2019elle ne soit pas une entrave \u00e0 l\u2019accessibilit\u00e9 de nos services.<\/li>\n<\/ul>\n<\/div>\n<\/div><\/div><\/div><\/div><\/div><div id=\"pg-w68a8235a1850d-3\"  class=\"panel-grid panel-no-style\" ><div id=\"pgc-w68a8235a1850d-3-0\"  class=\"panel-grid-cell panel-grid-cell-empty\" ><\/div><div id=\"pgc-w68a8235a1850d-3-1\"  class=\"panel-grid-cell\" ><div id=\"panel-w68a8235a1850d-3-1-0\" class=\"so-panel widget widget_sow-editor panel-first-child panel-last-child\" data-index=\"4\" ><div class=\"BlocTexteDeco panel-widget-style panel-widget-style-for-w68a8235a1850d-3-1-0\" ><div\n\t\t\t\n\t\t\tclass=\"so-widget-sow-editor so-widget-sow-editor-base\"\n\t\t\t\n\t\t>\n<div class=\"siteorigin-widget-tinymce textwidget\">\n\t<h3>R\u00e9partition de la participation dans le financement de l\u2019ISBW<\/h3>\n<p style=\"padding-left: 40px;\">Le budget de l\u2019ISBW avoisine les 10 000 000 euros sur base annuelle.<br \/>\nVoici comment est r\u00e9partie la contribution de chacun \u00e0 ces 10 millions n\u00e9cessaires \u00e0 la r\u00e9alisation des missions\u00a0 :<\/p>\n<p><img loading=\"lazy\" decoding=\"async\" class=\"size-full wp-image-1291 aligncenter\" src=\"https:\/\/isbw.be\/institution\/wp-content\/uploads\/sites\/2\/2025\/08\/2025-Sources-de-financement.jpg\" alt=\"Sources de financement de l'intercommunale\" width=\"719\" height=\"621\" srcset=\"https:\/\/isbw.be\/institution\/wp-content\/uploads\/sites\/2\/2025\/08\/2025-Sources-de-financement.jpg 719w, https:\/\/isbw.be\/institution\/wp-content\/uploads\/sites\/2\/2025\/08\/2025-Sources-de-financement-300x259.jpg 300w\" sizes=\"auto, (max-width: 719px) 100vw, 719px\" \/><\/p>\n<p>&nbsp;<\/p>\n<p style=\"padding-left: 40px;\">Ce graphique permet de constater que l\u2019ONE est le principal contributeur au fonctionnement de l\u2019ISBW, avec 43 %.<br \/>\nViennent ensuite la Province du Brabant wallon (20%) et les usagers (14%).<br \/>\nLes pouvoirs locaux, \u00abactionnaires\u00bb de l\u2019ISBW \u2013 communes et Province - concourent ensemble pour 32 % du financement de l\u2019institution.<br \/>\nL\u2019Intercommunale va chercher 54 % de son financement en dehors du Brabant wallon (27 communes + Province du Brabant wallon + usagers = 46 % des recettes, donc 54 % des recettes viennent \u00abd\u2019ailleurs\u00bb) au profit des habitants de la province..<\/p>\n<\/div>\n<\/div><\/div><\/div><\/div><\/div><\/div><\/div><\/div><\/div><\/div><div id=\"pg-281-1\"  class=\"panel-grid panel-has-style\" ><div class=\"siteorigin-panels-stretch panel-row-style panel-row-style-for-281-1\" data-stretch-type=\"full\" ><div id=\"pgc-281-1-0\"  class=\"panel-grid-cell\" ><div id=\"panel-281-1-0-0\" class=\"so-panel widget widget_siteorigin-panels-builder panel-first-child panel-last-child\" data-index=\"1\" ><div id=\"pl-w68a8243a6ffd2\"  class=\"panel-layout\" ><div id=\"pg-w68a8243a6ffd2-0\"  class=\"panel-grid panel-has-style\" ><div class=\"panel-row-style panel-row-style-for-w68a8243a6ffd2-0\" ><div id=\"pgc-w68a8243a6ffd2-0-0\"  class=\"panel-grid-cell panel-grid-cell-empty\" ><\/div><div id=\"pgc-w68a8243a6ffd2-0-1\"  class=\"panel-grid-cell panel-grid-cell-empty\" ><\/div><div id=\"pgc-w68a8243a6ffd2-0-2\"  class=\"panel-grid-cell panel-grid-cell-empty\" ><\/div><div id=\"pgc-w68a8243a6ffd2-0-3\"  class=\"panel-grid-cell panel-grid-cell-empty\" ><\/div><div id=\"pgc-w68a8243a6ffd2-0-4\"  class=\"panel-grid-cell\" ><div id=\"panel-w68a8243a6ffd2-0-4-0\" class=\"so-panel widget widget_sow-button panel-first-child panel-last-child\" data-index=\"0\" ><div\n\t\t\t\n\t\t\tclass=\"so-widget-sow-button so-widget-sow-button-flat-de31a69c3823\"\n\t\t\t\n\t\t><div class=\"ow-button-base ow-button-align-right\"\n>\n\t\t\t<a\n\t\t\t\t\thref=\"https:\/\/isbw.be\/institution\/\"\n\t\t\t\t\tclass=\"sowb-button ow-icon-placement-left ow-button-hover\" title=\"vers Page d&#039;accueil\" \t>\n\t\t<span>\n\t\t\t<span class=\"sow-icon-ionicons\" data-sow-icon=\"&#xf38f;\"\n\t\tstyle=\"\" \n\t\taria-hidden=\"true\"><\/span>\n\t\t\t\t\t<\/span>\n\t\t\t<\/a>\n\t<\/div>\n<\/div><\/div><\/div><\/div><\/div><\/div><\/div><\/div><\/div><\/div><\/div>","protected":false},"excerpt":{"rendered":"<p>Nos sources de financement Qui nous finance ? Les sources de financement de l&rsquo;Intercommunale L\u2019ISBW est une intercommunale sociale. Elle r\u00e9alise ses missions gr\u00e2ce \u00e0 diverses sources de financement : L\u2019apport des pouvoirs locaux membres de l\u2019Intercommunale : les 27 communes du Brabant wallon et la Province du Brabant wallon ; Des subsides de l\u2019AVIQ [&hellip;]<\/p>\n","protected":false},"author":1,"featured_media":0,"parent":0,"menu_order":0,"comment_status":"closed","ping_status":"closed","template":"","meta":{"footnotes":""},"class_list":["post-281","page","type-page","status-publish","czr-hentry"],"_links":{"self":[{"href":"https:\/\/isbw.be\/institution\/wp-json\/wp\/v2\/pages\/281","targetHints":{"allow":["GET"]}}],"collection":[{"href":"https:\/\/isbw.be\/institution\/wp-json\/wp\/v2\/pages"}],"about":[{"href":"https:\/\/isbw.be\/institution\/wp-json\/wp\/v2\/types\/page"}],"author":[{"embeddable":true,"href":"https:\/\/isbw.be\/institution\/wp-json\/wp\/v2\/users\/1"}],"replies":[{"embeddable":true,"href":"https:\/\/isbw.be\/institution\/wp-json\/wp\/v2\/comments?post=281"}],"version-history":[{"count":43,"href":"https:\/\/isbw.be\/institution\/wp-json\/wp\/v2\/pages\/281\/revisions"}],"predecessor-version":[{"id":1298,"href":"https:\/\/isbw.be\/institution\/wp-json\/wp\/v2\/pages\/281\/revisions\/1298"}],"wp:attachment":[{"href":"https:\/\/isbw.be\/institution\/wp-json\/wp\/v2\/media?parent=281"}],"curies":[{"name":"wp","href":"https:\/\/api.w.org\/{rel}","templated":true}]}}