{"id":795,"date":"2020-10-16T14:47:54","date_gmt":"2020-10-16T12:47:54","guid":{"rendered":"http:\/\/isbw.be\/institution\/?page_id=795"},"modified":"2025-06-27T14:31:05","modified_gmt":"2025-06-27T12:31:05","slug":"composition-de-lassemblee-generale","status":"publish","type":"page","link":"https:\/\/isbw.be\/institution\/nos-organes-de-gestion\/composition-de-lassemblee-generale\/","title":{"rendered":"Composition de l&rsquo;Assembl\u00e9e g\u00e9n\u00e9rale"},"content":{"rendered":"<div id=\"pl-795\"  class=\"panel-layout\" ><div id=\"pg-795-0\"  class=\"panel-grid panel-has-style\" ><div class=\"siteorigin-panels-stretch panel-row-style panel-row-style-for-795-0\" id=\"Bkg2\" data-stretch-type=\"full\" ><div id=\"pgc-795-0-0\"  class=\"panel-grid-cell\" ><div id=\"panel-795-0-0-0\" class=\"so-panel widget widget_siteorigin-panels-builder panel-first-child panel-last-child\" data-index=\"0\" ><div id=\"pl-w685e8e567c8de\"  class=\"panel-layout\" ><div id=\"pg-w685e8e567c8de-0\"  class=\"panel-grid panel-no-style\" ><div id=\"pgc-w685e8e567c8de-0-0\"  class=\"panel-grid-cell\" ><div id=\"panel-w685e8e567c8de-0-0-0\" class=\"so-panel widget widget_sow-editor panel-first-child panel-last-child\" data-index=\"0\" ><div\n\t\t\t\n\t\t\tclass=\"so-widget-sow-editor so-widget-sow-editor-base\"\n\t\t\t\n\t\t>\n<div class=\"siteorigin-widget-tinymce textwidget\">\n\t<h1><strong>Composition de l'Assembl\u00e9e g\u00e9n\u00e9rale :<\/strong><\/h1>\n<div id=\"gtx-trans\" style=\"position: absolute; left: -3px; top: -0.5625px;\">\n<div class=\"gtx-trans-icon\"><\/div>\n<\/div>\n<\/div>\n<\/div><\/div><\/div><\/div><div id=\"pg-w685e8e567c8de-1\"  class=\"panel-grid panel-no-style\" ><div id=\"pgc-w685e8e567c8de-1-0\"  class=\"panel-grid-cell panel-grid-cell-empty\" ><\/div><div id=\"pgc-w685e8e567c8de-1-1\"  class=\"panel-grid-cell\" ><div id=\"panel-w685e8e567c8de-1-1-0\" class=\"so-panel widget widget_sow-editor panel-first-child panel-last-child\" data-index=\"1\" ><div class=\"BlocTexteDeco panel-widget-style panel-widget-style-for-w685e8e567c8de-1-1-0\" ><div\n\t\t\t\n\t\t\tclass=\"so-widget-sow-editor so-widget-sow-editor-base\"\n\t\t\t\n\t\t>\n<div class=\"siteorigin-widget-tinymce textwidget\">\n\t<h3><a id=\"INSTorganesgestionAssembleegenerale\"><\/a>L'Assembl\u00e9e g\u00e9n\u00e9rale se compose comme suit :<\/h3>\n<p style=\"padding-left: 40px;\"><span style=\"text-decoration: underline;\">Beauvechain<\/span> :<\/p>\n<ul>\n<li style=\"list-style-type: none;\">\n<ul class=\"Decaliste\">\n<li>ARBALESTRIE Louise<\/li>\n<li>COGELS J\u00e9r\u00f4me<\/li>\n<li>JACQUES Alain<\/li>\n<li>LEMAIRE-NOEL Monique<\/li>\n<li>VANCASTER Anne-Marie<\/li>\n<\/ul>\n<\/li>\n<\/ul>\n<p style=\"padding-left: 40px;\"><span style=\"text-decoration: underline;\">Braine-l\u2019Alleud<\/span> :<\/p>\n<ul>\n<li style=\"list-style-type: none;\">\n<ul class=\"Decaliste\">\n<li>GETTEMANS Isabelle<\/li>\n<li>LAURENT Virginie<\/li>\n<li>SCOLAS Eglantine<\/li>\n<li>VERSMISSEN-SOLLIE Chantal<\/li>\n<li>LAMBERT Arthur<\/li>\n<\/ul>\n<\/li>\n<\/ul>\n<p style=\"padding-left: 40px;\"><span style=\"text-decoration: underline;\">Braine-le-Ch\u00e2teau<\/span> :<\/p>\n<ul>\n<li style=\"list-style-type: none;\">\n<ul class=\"Decaliste\">\n<li>AMIGUINHO CORDEIRO Louise<\/li>\n<li>BODART Marie<\/li>\n<li>BRANCART Francis<\/li>\n<li>REMOUCHAMPS Pauline<\/li>\n<li>SCOYET Jennifer<\/li>\n<\/ul>\n<\/li>\n<\/ul>\n<p style=\"padding-left: 40px;\"><span style=\"text-decoration: underline;\">Chastre<\/span> :<\/p>\n<ul>\n<li style=\"list-style-type: none;\">\n<ul class=\"Decaliste\">\n<li>DANDOIS Louise<\/li>\n<li>DE WILDE C\u00e9line<\/li>\n<li>DUQUESNOY Delphine<\/li>\n<li>FERRIERE Anne<\/li>\n<li>THIRY Chantal Marie<\/li>\n<\/ul>\n<\/li>\n<\/ul>\n<p style=\"padding-left: 40px;\"><span style=\"text-decoration: underline;\">Chaumont-Gistoux<\/span> :<\/p>\n<ul>\n<li style=\"list-style-type: none;\">\n<ul class=\"Decaliste\">\n<li>ESCOYEZ-CHARLES Claire<\/li>\n<li>HERNALSTEENS Anne<\/li>\n<li>HOUTHOOFDT M\u00e9gane<\/li>\n<li>MOREAU Danielle<\/li>\n<li>WINTGENS Sophie<\/li>\n<\/ul>\n<\/li>\n<\/ul>\n<p style=\"padding-left: 40px;\"><span style=\"text-decoration: underline;\">Court-Saint-\u00c8tienne<\/span> :<\/p>\n<ul>\n<li style=\"list-style-type: none;\">\n<ul class=\"Decaliste\">\n<li>BOUKRICHA Layla<\/li>\n<li>GODFROID Sophie<\/li>\n<li>MAYNE Aur\u00e9lie<\/li>\n<li>PEYSKENS Bernadette<\/li>\n<li>RIDELLE Val\u00e9rie<\/li>\n<\/ul>\n<\/li>\n<\/ul>\n<p style=\"padding-left: 40px;\"><span style=\"text-decoration: underline;\">Genappe<\/span> :<\/p>\n<ul>\n<li style=\"list-style-type: none;\">\n<ul class=\"Decaliste\">\n<li>BROCCA Ludivine<\/li>\n<li>CAMBIER Christophe<\/li>\n<li>KABIR Raedha<\/li>\n<li>MAINFROID Olivier<\/li>\n<li>BURY St\u00e9phanie<\/li>\n<\/ul>\n<\/li>\n<\/ul>\n<p style=\"padding-left: 40px;\"><span style=\"text-decoration: underline;\">Grez-Doiceau<\/span> :<\/p>\n<ul>\n<li style=\"list-style-type: none;\">\n<ul class=\"Decaliste\">\n<li>GEERINCKX-GEHOT H\u00e9l\u00e8ne<\/li>\n<li>HOUSSIAU H\u00e9l\u00e8ne<\/li>\n<li>PRINCEN Ingrid<\/li>\n<li>ROMERA Julie<\/li>\n<li>VAN HOOBROUCK d'ASPRE Caroline<\/li>\n<\/ul>\n<\/li>\n<\/ul>\n<p style=\"padding-left: 40px;\"><span style=\"text-decoration: underline;\">H\u00e9l\u00e9cine<\/span> :<\/p>\n<ul>\n<li style=\"list-style-type: none;\">\n<ul class=\"Decaliste\">\n<li>BREES Christophe<\/li>\n<li>MAES Marie-Laure<\/li>\n<li>MAHO Herv\u00e9<\/li>\n<li>SCHEPERS Axel<\/li>\n<li>TORDOIR Yves<\/li>\n<\/ul>\n<\/li>\n<\/ul>\n<p style=\"padding-left: 40px;\"><span style=\"text-decoration: underline;\">Incourt<\/span> :<\/p>\n<ul>\n<li style=\"list-style-type: none;\">\n<ul class=\"Decaliste\">\n<li>GODFRIAUX Jos\u00e9phine<\/li>\n<li>GREGOIRE Fany<\/li>\n<li>PARISSE Sophie<\/li>\n<li>SCHARPE Sarah-Fran\u00e7oise<\/li>\n<li>TORDOIR Joseph<\/li>\n<\/ul>\n<\/li>\n<\/ul>\n<p style=\"padding-left: 40px;\"><span style=\"text-decoration: underline;\">Ittre<\/span> :<\/p>\n<ul>\n<li style=\"list-style-type: none;\">\n<ul class=\"Decaliste\">\n<li>BONTET Shanon<\/li>\n<li>DETRY Fabienne<\/li>\n<li>FONTAINE Virginie<\/li>\n<li>VANVAREMBERGH Chantal<\/li>\n<li>PEETERBROECK Fran\u00e7oise<\/li>\n<\/ul>\n<\/li>\n<\/ul>\n<p style=\"padding-left: 40px;\"><span style=\"text-decoration: underline;\">Jodoigne<\/span> :<\/p>\n<ul>\n<li style=\"list-style-type: none;\">\n<ul class=\"Decaliste\">\n<li>HOUART Marie-Louise<\/li>\n<li>KALUT Soline<\/li>\n<li>KAZEMI Solmaz<\/li>\n<li>SANSDRAP Christine<\/li>\n<li>HENRIOULLE Ludivine<\/li>\n<\/ul>\n<\/li>\n<\/ul>\n<p style=\"padding-left: 40px;\"><span style=\"text-decoration: underline;\">La Hulpe<\/span> :<\/p>\n<ul>\n<li style=\"list-style-type: none;\">\n<ul>\n<li>DEVREUX Mano\u00eblle<\/li>\n<li>FRANSEN Josiane<\/li>\n<li>FRERES Charline<\/li>\n<li>JARDIM Luiza<\/li>\n<li>VAN HOOREBEECK Nathalie<\/li>\n<\/ul>\n<\/li>\n<\/ul>\n<p style=\"padding-left: 40px;\"><span style=\"text-decoration: underline;\">Lasne<\/span> :<\/p>\n<ul>\n<li style=\"list-style-type: none;\">\n<ul class=\"Decaliste\">\n<li>Alain GILLIS<\/li>\n<li>Arnold de QUIRINI<\/li>\n<li>Alain LIMAUGE<\/li>\n<li>Jules LOBA<\/li>\n<li>Brigitte DEFALMQUE<\/li>\n<\/ul>\n<\/li>\n<\/ul>\n<p style=\"padding-left: 40px;\"><span style=\"text-decoration: underline;\">Mont-Saint-Guibert<\/span> :<\/p>\n<ul>\n<li style=\"list-style-type: none;\">\n<ul class=\"Decaliste\">\n<li>CHENOY Marie-C\u00e9line<\/li>\n<li>MORTIER Viviane<\/li>\n<li>PAESMANS Christelle<\/li>\n<li>PARIS Marie<\/li>\n<li>SPODEN Julie<\/li>\n<\/ul>\n<\/li>\n<\/ul>\n<p style=\"padding-left: 40px;\"><span style=\"text-decoration: underline;\">Nivelles<\/span> :<\/p>\n<ul>\n<li style=\"list-style-type: none;\">\n<ul class=\"Decaliste\">\n<li>GOSSIAUX Vincent<\/li>\n<li>PIRET Claire<\/li>\n<li>SCOKAERT C\u00e9line<\/li>\n<li>THIBAUT Ga\u00e9tan<\/li>\n<li>VANPEE Evelyne<\/li>\n<\/ul>\n<\/li>\n<\/ul>\n<p style=\"padding-left: 40px;\"><span style=\"text-decoration: underline;\">Orp-Jauche<\/span> :<\/p>\n<ul>\n<li style=\"list-style-type: none;\">\n<ul class=\"Decaliste\">\n<li>de MEESTER de RAVESTEIN Viviane<\/li>\n<li>LEBRUN-DEWAELE Virginie<\/li>\n<li>REMY Sarah<\/li>\n<li>ROBEYNS Marie-Christine<\/li>\n<li>STORDEUR Maud<\/li>\n<\/ul>\n<\/li>\n<\/ul>\n<p style=\"padding-left: 40px;\"><span style=\"text-decoration: underline;\">Ottignies \u2013 Louvain-la-Neuve<\/span> :<\/p>\n<ul>\n<li style=\"list-style-type: none;\">\n<ul class=\"Decaliste\">\n<li>BILLIET Anouck<\/li>\n<li>DELVAUX Philippe<\/li>\n<li>GAUX Micha\u00ebl<\/li>\n<li>SCHROEDERS Nancy<\/li>\n<li>TORRES C\u00e9cilia<\/li>\n<\/ul>\n<\/li>\n<\/ul>\n<p style=\"padding-left: 40px;\"><span style=\"text-decoration: underline;\">Perwez<\/span> :<\/p>\n<ul>\n<li style=\"list-style-type: none;\">\n<ul class=\"Decaliste\">\n<li>ALDRIC Jean-Marc<\/li>\n<li>BIDOUL V\u00e9ronique<\/li>\n<li>FLABAT Aur\u00e9lie<\/li>\n<li>KRIREM Christophe<\/li>\n<li>PAYE Delphine<\/li>\n<\/ul>\n<\/li>\n<\/ul>\n<p style=\"padding-left: 40px;\"><span style=\"text-decoration: underline;\">Ramillies<\/span> :<\/p>\n<ul>\n<li style=\"list-style-type: none;\">\n<ul class=\"Decaliste\">\n<li>BURNOTTE Daniel<\/li>\n<li>FABRI Renaud<\/li>\n<li>GALVAN Julien<\/li>\n<li>GILLOT Dominique<\/li>\n<li>PAQUET Mireille<\/li>\n<\/ul>\n<\/li>\n<\/ul>\n<p style=\"padding-left: 40px;\"><span style=\"text-decoration: underline;\">Rebecq<\/span> :<\/p>\n<ul>\n<li style=\"list-style-type: none;\">\n<ul class=\"Decaliste\">\n<li>BOMBOIS Colette<\/li>\n<li>FULCO Pina<\/li>\n<li>FULCO Justine<\/li>\n<li>VALKENEERS Bruno<\/li>\n<li>ZEGERS Alain<\/li>\n<\/ul>\n<\/li>\n<\/ul>\n<p style=\"padding-left: 40px;\"><span style=\"text-decoration: underline;\">Rixensart<\/span> :<\/p>\n<ul>\n<li style=\"list-style-type: none;\">\n<ul class=\"Decaliste\">\n<li>DARMSTAEDTER Vincent<\/li>\n<li>DE TROYER Catherine<\/li>\n<li>LEFEVRE Barbara<\/li>\n<li>THIRY Anne<\/li>\n<li>PIRART Ga\u00ebtan<\/li>\n<\/ul>\n<\/li>\n<\/ul>\n<p style=\"padding-left: 40px;\"><span style=\"text-decoration: underline;\">Tubize<\/span> :<\/p>\n<ul>\n<li style=\"list-style-type: none;\">\n<ul class=\"Decaliste\">\n<li>CAPIZZI Giovanni<\/li>\n<li>LOUVIGNY Lyseline<\/li>\n<li>MENUGE Val\u00e9rie<\/li>\n<li>VANMEULEN Samuel<\/li>\n<li>ZAPPONE Marianne<\/li>\n<\/ul>\n<\/li>\n<\/ul>\n<p style=\"padding-left: 40px;\"><span style=\"text-decoration: underline;\">Villers-la-Ville<\/span> :<\/p>\n<ul>\n<li style=\"list-style-type: none;\">\n<ul class=\"Decaliste\">\n<li>DELMAY Alexis<\/li>\n<li>DUMONT DE CHASSART Marjorie<\/li>\n<li>EL ABASSI Nadia<\/li>\n<li>MARMANN Caroline<\/li>\n<li>PIERARD Marie-Mich\u00e8le<\/li>\n<\/ul>\n<\/li>\n<\/ul>\n<p style=\"padding-left: 40px;\"><span style=\"text-decoration: underline;\">Walhain<\/span> :<\/p>\n<ul>\n<li style=\"list-style-type: none;\">\n<ul class=\"Decaliste\">\n<li>DELVILLE-GRANDGAGNAGE B\u00e9n\u00e9dicte<\/li>\n<li>DESIRANT Anne-Fran\u00e7oise<\/li>\n<li>HAUBRUGE M\u00e9lanie<\/li>\n<li>NOEL M\u00e9lanie<\/li>\n<li>SMETS Laurence<\/li>\n<\/ul>\n<\/li>\n<\/ul>\n<p style=\"padding-left: 40px;\"><span style=\"text-decoration: underline;\">Waterloo<\/span> :<\/p>\n<ul>\n<li style=\"list-style-type: none;\">\n<ul class=\"Decaliste\">\n<li>DETRY Catherine<\/li>\n<li>D'HOOGHE Aisling<\/li>\n<li>RULINDA Aim\u00e9e<\/li>\n<li>SOHET Charles<\/li>\n<li>VANHOEGARDEN Martine<\/li>\n<\/ul>\n<\/li>\n<\/ul>\n<p style=\"padding-left: 40px;\">Wavre :<\/p>\n<ul>\n<li style=\"list-style-type: none;\">\n<ul class=\"Decaliste\">\n<li>BRADFER-ADAM Anne-Marie<\/li>\n<li>COLLET-NEWMAN Pascale<\/li>\n<li>MASSIMI Audrey<\/li>\n<li>MICHEL V\u00e9ronique<\/li>\n<li>MICHELIS Kyriaki<\/li>\n<\/ul>\n<\/li>\n<\/ul>\n<p style=\"padding-left: 40px;\"><span style=\"text-decoration: underline;\">Province<\/span> :<\/p>\n<ul>\n<li style=\"list-style-type: none;\">\n<ul class=\"Decaliste\">\n<li>OLEFFE S\u00e9verine<\/li>\n<li>SEMAILLE Laurie<\/li>\n<li>CAMBRON Carl<\/li>\n<\/ul>\n<\/li>\n<\/ul>\n<\/div>\n<\/div><\/div><\/div><\/div><\/div><div id=\"pg-w685e8e567c8de-2\"  class=\"panel-grid panel-no-style\" ><div id=\"pgc-w685e8e567c8de-2-0\"  class=\"panel-grid-cell panel-grid-cell-empty\" ><\/div><div id=\"pgc-w685e8e567c8de-2-1\"  class=\"panel-grid-cell\" ><div id=\"panel-w685e8e567c8de-2-1-0\" class=\"so-panel widget widget_sow-editor panel-first-child panel-last-child\" data-index=\"2\" ><div class=\"panel-widget-style panel-widget-style-for-w685e8e567c8de-2-1-0\" ><div\n\t\t\t\n\t\t\tclass=\"so-widget-sow-editor so-widget-sow-editor-base\"\n\t\t\t\n\t\t>\n<div class=\"siteorigin-widget-tinymce textwidget\">\n\t<h3><a id=\"INSTorganesgestionContact\"><\/a>Contact<\/h3>\n<p style=\"text-align: left; padding-left: 30px;\">Intercommunale Sociale du Brabant Wallon<br \/>\nSi\u00e8ge social : Rue du Cerf 200, 1332 Rixensart<br \/>\nCourriel : <span style=\"color: #000000;\"><a style=\"color: #000000;\" href=\"mailto:info@isbw.be\">info@isbw.be<\/a><\/span><br \/>\nT\u00e9l\u00e9phone : <span style=\"color: #000000;\"><a style=\"color: #000000;\" href=\"tel:+3223151351\">02 - 315.13.51<\/a><\/span><\/p>\n<\/div>\n<\/div><\/div><\/div><\/div><\/div><\/div><\/div><\/div><\/div><\/div><div id=\"pg-795-1\"  class=\"panel-grid panel-has-style\" ><div class=\"siteorigin-panels-stretch panel-row-style panel-row-style-for-795-1\" data-stretch-type=\"full\" ><div id=\"pgc-795-1-0\"  class=\"panel-grid-cell\" ><div id=\"panel-795-1-0-0\" class=\"so-panel widget widget_siteorigin-panels-builder panel-first-child panel-last-child\" data-index=\"1\" ><div id=\"pl-w5f89993a85b1a\"  class=\"panel-layout\" ><div id=\"pg-w5f89993a85b1a-0\"  class=\"panel-grid panel-has-style\" ><div class=\"panel-row-style panel-row-style-for-w5f89993a85b1a-0\" ><div id=\"pgc-w5f89993a85b1a-0-0\"  class=\"panel-grid-cell panel-grid-cell-empty\" ><\/div><div id=\"pgc-w5f89993a85b1a-0-1\"  class=\"panel-grid-cell panel-grid-cell-empty\" ><\/div><div id=\"pgc-w5f89993a85b1a-0-2\"  class=\"panel-grid-cell panel-grid-cell-empty\" ><\/div><div id=\"pgc-w5f89993a85b1a-0-3\"  class=\"panel-grid-cell panel-grid-cell-empty\" ><\/div><div id=\"pgc-w5f89993a85b1a-0-4\"  class=\"panel-grid-cell\" ><div id=\"panel-w5f89993a85b1a-0-4-0\" class=\"so-panel widget widget_sow-button panel-first-child panel-last-child\" data-index=\"0\" ><div\n\t\t\t\n\t\t\tclass=\"so-widget-sow-button so-widget-sow-button-flat-de31a69c3823\"\n\t\t\t\n\t\t><div class=\"ow-button-base ow-button-align-right\"\n>\n\t\t\t<a\n\t\t\t\t\thref=\"https:\/\/isbw.be\/institution\/nos-organes-de-gestion#INSTorganesgestionAssembleegenerale\"\n\t\t\t\t\tclass=\"sowb-button ow-icon-placement-left ow-button-hover\" title=\"vers Page d&#039;accueil\" \t>\n\t\t<span>\n\t\t\t<span class=\"sow-icon-ionicons\" data-sow-icon=\"&#xf3cf;\"\n\t\tstyle=\"\" \n\t\taria-hidden=\"true\"><\/span>\n\t\t\t\t\t<\/span>\n\t\t\t<\/a>\n\t<\/div>\n<\/div><\/div><\/div><\/div><\/div><\/div><\/div><\/div><\/div><\/div><\/div>","protected":false},"excerpt":{"rendered":"<p>Composition de l&rsquo;Assembl\u00e9e g\u00e9n\u00e9rale : L&rsquo;Assembl\u00e9e g\u00e9n\u00e9rale se compose comme suit : Beauvechain : ARBALESTRIE Louise COGELS J\u00e9r\u00f4me JACQUES Alain LEMAIRE-NOEL Monique VANCASTER Anne-Marie Braine-l\u2019Alleud : GETTEMANS Isabelle LAURENT Virginie SCOLAS Eglantine VERSMISSEN-SOLLIE Chantal LAMBERT Arthur Braine-le-Ch\u00e2teau : AMIGUINHO CORDEIRO Louise BODART Marie BRANCART Francis REMOUCHAMPS Pauline SCOYET Jennifer Chastre : DANDOIS Louise DE WILDE [&hellip;]<\/p>\n","protected":false},"author":1,"featured_media":0,"parent":278,"menu_order":0,"comment_status":"closed","ping_status":"closed","template":"","meta":{"footnotes":""},"class_list":["post-795","page","type-page","status-publish","czr-hentry"],"_links":{"self":[{"href":"https:\/\/isbw.be\/institution\/wp-json\/wp\/v2\/pages\/795","targetHints":{"allow":["GET"]}}],"collection":[{"href":"https:\/\/isbw.be\/institution\/wp-json\/wp\/v2\/pages"}],"about":[{"href":"https:\/\/isbw.be\/institution\/wp-json\/wp\/v2\/types\/page"}],"author":[{"embeddable":true,"href":"https:\/\/isbw.be\/institution\/wp-json\/wp\/v2\/users\/1"}],"replies":[{"embeddable":true,"href":"https:\/\/isbw.be\/institution\/wp-json\/wp\/v2\/comments?post=795"}],"version-history":[{"count":36,"href":"https:\/\/isbw.be\/institution\/wp-json\/wp\/v2\/pages\/795\/revisions"}],"predecessor-version":[{"id":1270,"href":"https:\/\/isbw.be\/institution\/wp-json\/wp\/v2\/pages\/795\/revisions\/1270"}],"up":[{"embeddable":true,"href":"https:\/\/isbw.be\/institution\/wp-json\/wp\/v2\/pages\/278"}],"wp:attachment":[{"href":"https:\/\/isbw.be\/institution\/wp-json\/wp\/v2\/media?parent=795"}],"curies":[{"name":"wp","href":"https:\/\/api.w.org\/{rel}","templated":true}]}}