{"id":417,"date":"2019-02-08T15:44:00","date_gmt":"2019-02-08T14:44:00","guid":{"rendered":"http:\/\/isbw.be\/professionnel\/?page_id=417"},"modified":"2024-11-19T13:57:26","modified_gmt":"2024-11-19T12:57:26","slug":"accessibilite","status":"publish","type":"page","link":"https:\/\/isbw.be\/professionnel\/accessibilite\/","title":{"rendered":"Accessibilit\u00e9"},"content":{"rendered":"<div id=\"pl-417\"  class=\"panel-layout\" ><div id=\"pg-417-0\"  class=\"panel-grid panel-has-style\" ><div class=\"siteorigin-panels-stretch panel-row-style panel-row-style-for-417-0\" id=\"Bkg2\" data-stretch-type=\"full\" ><div id=\"pgc-417-0-0\"  class=\"panel-grid-cell\" ><div id=\"panel-417-0-0-0\" class=\"so-panel widget widget_siteorigin-panels-builder panel-first-child panel-last-child\" data-index=\"0\" ><div id=\"pl-w673c8b36e01aa\"  class=\"panel-layout\" ><div id=\"pg-w673c8b36e01aa-0\"  class=\"panel-grid panel-no-style\" ><div id=\"pgc-w673c8b36e01aa-0-0\"  class=\"panel-grid-cell\" ><div id=\"panel-w673c8b36e01aa-0-0-0\" class=\"so-panel widget widget_sow-editor panel-first-child panel-last-child\" data-index=\"0\" ><div\n\t\t\t\n\t\t\tclass=\"so-widget-sow-editor so-widget-sow-editor-base\"\n\t\t\t\n\t\t>\n<div class=\"siteorigin-widget-tinymce textwidget\">\n\t<h1><strong>Accessibilit\u00e9<\/strong><\/h1>\n<\/div>\n<\/div><\/div><\/div><\/div><div id=\"pg-w673c8b36e01aa-1\"  class=\"panel-grid panel-has-style\" ><div class=\"Titrenonbouton panel-row-style panel-row-style-for-w673c8b36e01aa-1\" ><div id=\"pgc-w673c8b36e01aa-1-0\"  class=\"panel-grid-cell\" ><div id=\"panel-w673c8b36e01aa-1-0-0\" class=\"so-panel widget widget_sow-icon panel-first-child panel-last-child\" data-index=\"1\" ><div\n\t\t\t\n\t\t\tclass=\"so-widget-sow-icon so-widget-sow-icon-default-bea670614984\"\n\t\t\t\n\t\t>\n<div class=\"sow-icon-container sow-icon\">\n\t\t\t<span class=\"sow-icon-fontawesome sow-fas\" data-sow-icon=\"&#xf0a9;\"\n\t\t \n\t\taria-hidden=\"true\"><\/span>\t<\/div>\n<\/div><\/div><\/div><div id=\"pgc-w673c8b36e01aa-1-1\"  class=\"panel-grid-cell\" ><div id=\"panel-w673c8b36e01aa-1-1-0\" class=\"so-panel widget widget_sow-editor panel-first-child panel-last-child\" data-index=\"2\" ><div\n\t\t\t\n\t\t\tclass=\"so-widget-sow-editor so-widget-sow-editor-base\"\n\t\t\t\n\t\t>\n<div class=\"siteorigin-widget-tinymce textwidget\">\n\t<h2>Notre objectif : un site encore plus accessible \u00e0 tous\u2026<\/h2>\n<\/div>\n<\/div><\/div><\/div><\/div><\/div><div id=\"pg-w673c8b36e01aa-2\"  class=\"panel-grid panel-no-style\" ><div id=\"pgc-w673c8b36e01aa-2-0\"  class=\"panel-grid-cell panel-grid-cell-empty\" ><\/div><div id=\"pgc-w673c8b36e01aa-2-1\"  class=\"panel-grid-cell\" ><div id=\"panel-w673c8b36e01aa-2-1-0\" class=\"so-panel widget widget_siteorigin-panels-builder panel-first-child panel-last-child\" data-index=\"3\" ><div id=\"pl-w673c8b36e01c8\"  class=\"panel-layout\" ><div id=\"pg-w673c8b36e01c8-0\"  class=\"panel-grid panel-has-style\" ><div class=\"panel-row-style panel-row-style-for-w673c8b36e01c8-0\" ><div id=\"pgc-w673c8b36e01c8-0-0\"  class=\"panel-grid-cell\" ><div id=\"panel-w673c8b36e01c8-0-0-0\" class=\"so-panel widget widget_sow-editor panel-first-child panel-last-child\" data-index=\"0\" ><div\n\t\t\t\n\t\t\tclass=\"so-widget-sow-editor so-widget-sow-editor-base\"\n\t\t\t\n\t\t>\n<div class=\"siteorigin-widget-tinymce textwidget\">\n\t<p><img loading=\"lazy\" decoding=\"async\" class=\"alignnone size-full wp-image-1481 aligncenter\" src=\"https:\/\/isbw.be\/professionnel\/wp-content\/uploads\/sites\/3\/2020\/02\/Site-pour-tous-1b200.png\" alt=\"logo accessibilit\u00e9, site accessible pour tous\" width=\"200\" height=\"200\" srcset=\"https:\/\/isbw.be\/professionnel\/wp-content\/uploads\/sites\/3\/2020\/02\/Site-pour-tous-1b200.png 200w, https:\/\/isbw.be\/professionnel\/wp-content\/uploads\/sites\/3\/2020\/02\/Site-pour-tous-1b200-150x150.png 150w\" sizes=\"auto, (max-width: 200px) 100vw, 200px\" \/><\/p>\n<\/div>\n<\/div><\/div><\/div><div id=\"pgc-w673c8b36e01c8-0-1\"  class=\"panel-grid-cell\" ><div id=\"panel-w673c8b36e01c8-0-1-0\" class=\"so-panel widget widget_sow-editor panel-first-child\" data-index=\"1\" ><div\n\t\t\t\n\t\t\tclass=\"so-widget-sow-editor so-widget-sow-editor-base\"\n\t\t\t\n\t\t>\n<div class=\"siteorigin-widget-tinymce textwidget\">\n\t<p>L\u2019accessibilit\u00e9 num\u00e9rique consiste \u00e0 permettre \u00e0 TOUS les utilisateurs de consulter des informations, acc\u00e9der \u00e0 des contenus et d\u2019interagir avec des services sur le web quel que soit leur mat\u00e9riel (ordinateur, t\u00e9l\u00e9phone portable, tablette\u2026).<br \/>\nCette accessibilit\u00e9 vise plus particuli\u00e8rement les personnes porteuses d\u2019un handicap (visuel, auditif, moteur, cognitif,\u2026) y compris ceux dus au vieillissement.<br \/>\nUn site web accessible peut \u00eatre visit\u00e9 par un internaute sans souris, les images contiennent des textes alternatifs et les tableaux peuvent \u00eatre lus par lecteur vocale.<\/p>\n<h2>\u2026 avec vous<\/h2>\n<p>Nous pouvons am\u00e9liorer l\u2019accessibilit\u00e9 de notre site internet ensemble. Contactez-nous si vous avez rencontr\u00e9 un probl\u00e8me ou si vous avez des suggestions pour le rendre plus performant  :<\/p>\n<p style=\"text-align: center;\"><span style=\"color: #000000;\"><a style=\"color: #000000;\" href=\"mailto:info@isbw.be\">info@isbw.be<\/a><\/span><\/p>\n<\/div>\n<\/div><\/div><div id=\"panel-w673c8b36e01c8-0-1-1\" class=\"so-panel widget widget_sow-editor panel-last-child\" data-index=\"2\" ><div\n\t\t\t\n\t\t\tclass=\"so-widget-sow-editor so-widget-sow-editor-base\"\n\t\t\t\n\t\t>\n<div class=\"siteorigin-widget-tinymce textwidget\">\n\t<h2>D\u00e9claration sur l'accessibilit\u00e9<\/h2>\n<p>L\u2019ISBW s'engage \u00e0 rendre ce site internet accessible, conform\u00e9ment \u00e0 <a href=\"http:\/\/www.ejustice.just.fgov.be\/eli\/loi\/2018\/07\/19\/2018040577\/moniteur\" target=\"_blank\" rel=\"noopener\">loi du 19 juillet 2018 relative \u00e0 l\u2019accessibilit\u00e9 des sites internet et des applications mobiles des organismes du secteur public (Nouvelle fen\u00eatre)<\/a>.<br \/>\nLa pr\u00e9sente d\u00e9claration sur l'accessibilit\u00e9 s'applique au site web <a href=\"https:\/\/isbw.be\/\">https:\/\/isbw.be\/<\/a>.<\/p>\n<h3>\u00c9tat de conformit\u00e9<\/h3>\n<p style=\"padding-left: 40px;\">Ce site internet est en conformit\u00e9 partielle avec les crit\u00e8res d\u2019accessibilit\u00e9 en raison des non-conformit\u00e9s et des exemptions \u00e9num\u00e9r\u00e9es ci-dessous.<br \/>\nContenu non accessible<br \/>\nCertains fichiers PDF peuvent pr\u00e9senter des d\u00e9fauts d\u2019accessibilit\u00e9 \u00e0 certaines personnes.<\/p>\n<h3>Alternatives<\/h3>\n<p style=\"padding-left: 40px;\">Chaque contenu identifi\u00e9 comme non conforme est accompagn\u00e9 dans son environnement proche d\u2019une alternative accessible. Toutefois, si cette alternative n\u2019est pas pr\u00e9sente sur la page concern\u00e9e ou s\u2019av\u00e8re insuffisante, nous invitons l\u2019utilisateur l\u00e9s\u00e9 \u00e0 nous contacter par un des moyens renseign\u00e9s plus bas en vue d\u2019obtenir un contenu dans une version accessible.<\/p>\n<h3>Pr\u00e9paration de la pr\u00e9sente d\u00e9claration sur l'accessibilit\u00e9<\/h3>\n<p style=\"padding-left: 40px;\">La pr\u00e9sente d\u00e9claration a \u00e9t\u00e9 pr\u00e9par\u00e9e le 08\/09\/2021 et r\u00e9dig\u00e9e le 08\/09\/2021.<br \/>\nL'accessibilit\u00e9 du site a \u00e9t\u00e9 \u00e9valu\u00e9e par un expert en accessibilit\u00e9 num\u00e9rique qui a pr\u00e9sent\u00e9 en toute ind\u00e9pendance ce rapport de conformit\u00e9 et l\u2019a publi\u00e9 sur son site.<br \/>\n<a href=\"https:\/\/www.passe-muraille.eu\/accessibilite-du-site-isbw\/\" target=\"_blank\" rel=\"noopener\">Lien vers l\u2019avis de Passe Muraille sur l\u2019accessibilit\u00e9 du site (Nouvelle fen\u00eatre)<\/a>.<\/p>\n<h4 style=\"padding-left: 40px;\">M\u00e9thode utilis\u00e9e :<\/h4>\n<p style=\"padding-left: 80px;\">R\u00e9f\u00e9rentiel G\u00e9n\u00e9ral de l'Am\u00e9lioration de l'Accessibilit\u00e9 (<a href=\"https:\/\/www.numerique.gouv.fr\/publications\/rgaa-accessibilite\/\" target=\"_blank\" rel=\"noopener\">RGAA4<\/a>). Ce r\u00e9f\u00e9rentiel garantit une conformit\u00e9 aux <a href=\"https:\/\/www.w3.org\/TR\/WCAG21\/\" target=\"_blank\" rel=\"noopener\">Web Content Accessibility Guidelines 2.1 niveau AA<\/a> et \u00e0 la <a href=\"https:\/\/www.etsi.org\/deliver\/etsi_en\/301500_301599\/301549\/02.01.02_60\/en_301549v020102p.pdf\" target=\"_blank\" rel=\"noopener\">norme europ\u00e9enne EN 301 549<\/a>.<\/p>\n<h4 style=\"padding-left: 40px;\">Organisme en charge de l'\u00e9valuation de l'accessibilit\u00e9 num\u00e9rique :<\/h4>\n<p style=\"padding-left: 80px;\"><a href=\"https:\/\/www.passe-muraille.eu\/\" target=\"_blank\" rel=\"noopener\">Passe Muraille ASBL<\/a><br \/>\nLe dernier r\u00e9examen de la d\u00e9claration a eu lieu le 08\/09\/2021.<\/p>\n<h3>Retour d'information et coordonn\u00e9es de contact<\/h3>\n<p style=\"padding-left: 40px;\">Pour toutes questions et commentaires sur l'accessibilit\u00e9 du site, vous pouvez nous contacter par les moyens suivants :<br \/>\nAdresse email : <span style=\"color: #000000;\"><a style=\"color: #000000;\" href=\"mailto:info@isbw.be\">info@isbw.be<\/a> ;<\/span><br \/>\nT\u00e9l\u00e9phone : <a href=\"tel:+3223151351\">02 - 315.13.51<\/a><\/p>\n<h3>Proc\u00e9dure permettant d'assurer le respect des dispositions<\/h3>\n<p style=\"padding-left: 40px;\">Sans r\u00e9ponse rapide ou ad\u00e9quate de notre part suite \u00e0 votre demande d'obtenir une alternative \u00e0 un contenu non accessible ou une adaptation de la partie du site qui vous emp\u00eache d'acc\u00e9der \u00e0 un contenu ou \u00e0 une fonctionnalit\u00e9, vous \u00eates en droit d'adresser vos dol\u00e9ances \u00e0 UNIA, l'institution publique belge qui lutte contre la discrimination et d\u00e9fend l'\u00e9galit\u00e9 des chances en Belgique :<\/p>\n<p style=\"padding-left: 80px;\"><a href=\"https:\/\/www.unia.be\/\" target=\"_blank\" rel=\"noopener\">UNIA<\/a><br \/>\nRue Royale 138 - 1000 Bruxelles<br \/>\n<a href=\"https:\/\/www.signalement.unia.be\/fr\/signale-le\" target=\"_blank\" rel=\"noopener\">Formulaire pour signaler une discrimination<\/a><\/p>\n<h3>Plan d'am\u00e9lioration<\/h3>\n<p style=\"padding-left: 30px; text-align: left;\">L\u2019ISBW souhaite promouvoir l\u2019usage d'internet en le rendant plus accessible notamment aux personnes en situation de handicap. Nous am\u00e9liorons sans rel\u00e2che l\u2019exp\u00e9rience de l\u2019utilisateur en respectant les normes d\u2019accessibilit\u00e9 pertinentes.<\/p>\n<\/div>\n<\/div><\/div><\/div><\/div><\/div><\/div><\/div><\/div><\/div><\/div><\/div><\/div><\/div><\/div><div id=\"pg-417-1\"  class=\"panel-grid panel-has-style\" ><div class=\"siteorigin-panels-stretch panel-row-style panel-row-style-for-417-1\" data-stretch-type=\"full\" ><div id=\"pgc-417-1-0\"  class=\"panel-grid-cell\" ><div id=\"panel-417-1-0-0\" class=\"so-panel widget widget_siteorigin-panels-builder panel-first-child panel-last-child\" data-index=\"1\" ><div id=\"pl-w673c8b36e3567\"  class=\"panel-layout\" ><div id=\"pg-w673c8b36e3567-0\"  class=\"panel-grid panel-has-style\" ><div class=\"panel-row-style panel-row-style-for-w673c8b36e3567-0\" ><div id=\"pgc-w673c8b36e3567-0-0\"  class=\"panel-grid-cell panel-grid-cell-empty\" ><\/div><div id=\"pgc-w673c8b36e3567-0-1\"  class=\"panel-grid-cell panel-grid-cell-empty\" ><\/div><div id=\"pgc-w673c8b36e3567-0-2\"  class=\"panel-grid-cell panel-grid-cell-empty\" ><\/div><div id=\"pgc-w673c8b36e3567-0-3\"  class=\"panel-grid-cell panel-grid-cell-empty\" ><\/div><div id=\"pgc-w673c8b36e3567-0-4\"  class=\"panel-grid-cell\" ><div id=\"panel-w673c8b36e3567-0-4-0\" class=\"so-panel widget widget_sow-button panel-first-child panel-last-child\" data-index=\"0\" ><div\n\t\t\t\n\t\t\tclass=\"so-widget-sow-button so-widget-sow-button-flat-de31a69c3823\"\n\t\t\t\n\t\t><div class=\"ow-button-base ow-button-align-right\"\n>\n\t\t\t<a\n\t\t\t\t\thref=\"https:\/\/isbw.be\/professionnel\/\"\n\t\t\t\t\tclass=\"sowb-button ow-icon-placement-left ow-button-hover\" title=\"vers Page d&#039;accueil\" \t>\n\t\t<span>\n\t\t\t<span class=\"sow-icon-ionicons\" data-sow-icon=\"&#xf38f;\"\n\t\tstyle=\"color: #ffffff\" \n\t\taria-hidden=\"true\"><\/span>\n\t\t\t\t\t<\/span>\n\t\t\t<\/a>\n\t<\/div>\n<\/div><\/div><\/div><\/div><\/div><\/div><\/div><\/div><\/div><\/div><\/div>","protected":false},"excerpt":{"rendered":"<p>Accessibilit\u00e9 Notre objectif : un site encore plus accessible \u00e0 tous\u2026 L\u2019accessibilit\u00e9 num\u00e9rique consiste \u00e0 permettre \u00e0 TOUS les utilisateurs de consulter des informations, acc\u00e9der \u00e0 des contenus et d\u2019interagir avec des services sur le web quel que soit leur mat\u00e9riel (ordinateur, t\u00e9l\u00e9phone portable, tablette\u2026). Cette accessibilit\u00e9 vise plus particuli\u00e8rement les personnes porteuses d\u2019un handicap [&hellip;]<\/p>\n","protected":false},"author":1,"featured_media":0,"parent":0,"menu_order":0,"comment_status":"closed","ping_status":"closed","template":"","meta":{"footnotes":""},"class_list":["post-417","page","type-page","status-publish","czr-hentry"],"_links":{"self":[{"href":"https:\/\/isbw.be\/professionnel\/wp-json\/wp\/v2\/pages\/417","targetHints":{"allow":["GET"]}}],"collection":[{"href":"https:\/\/isbw.be\/professionnel\/wp-json\/wp\/v2\/pages"}],"about":[{"href":"https:\/\/isbw.be\/professionnel\/wp-json\/wp\/v2\/types\/page"}],"author":[{"embeddable":true,"href":"https:\/\/isbw.be\/professionnel\/wp-json\/wp\/v2\/users\/1"}],"replies":[{"embeddable":true,"href":"https:\/\/isbw.be\/professionnel\/wp-json\/wp\/v2\/comments?post=417"}],"version-history":[{"count":35,"href":"https:\/\/isbw.be\/professionnel\/wp-json\/wp\/v2\/pages\/417\/revisions"}],"predecessor-version":[{"id":2884,"href":"https:\/\/isbw.be\/professionnel\/wp-json\/wp\/v2\/pages\/417\/revisions\/2884"}],"wp:attachment":[{"href":"https:\/\/isbw.be\/professionnel\/wp-json\/wp\/v2\/media?parent=417"}],"curies":[{"name":"wp","href":"https:\/\/api.w.org\/{rel}","templated":true}]}}