{"id":433,"date":"2019-02-08T15:53:08","date_gmt":"2019-02-08T14:53:08","guid":{"rendered":"http:\/\/isbw.be\/professionnel\/?page_id=433"},"modified":"2023-03-22T14:37:02","modified_gmt":"2023-03-22T13:37:02","slug":"contactez-nous","status":"publish","type":"page","link":"https:\/\/isbw.be\/professionnel\/contactez-nous\/","title":{"rendered":"Contactez-nous"},"content":{"rendered":"<div id=\"pl-433\" class=\"panel-layout\">\n<div id=\"pg-433-0\" class=\"panel-grid panel-has-style\" data-style=\"{&quot;id&quot;:&quot;Bkg2 &quot;,&quot;mobile_css&quot;:&quot;background-image:none!important; &quot;,&quot;padding&quot;:&quot;0em 0em 2em 0em&quot;,&quot;background&quot;:&quot;#e2e2e2&quot;,&quot;background_image_attachment&quot;:&quot;1793&quot;,&quot;background_image_attachment_fallback&quot;:false,&quot;background_display&quot;:&quot;cover&quot;,&quot;bottom_margin&quot;:&quot;0px&quot;,&quot;gutter&quot;:&quot;0px&quot;,&quot;row_stretch&quot;:&quot;full&quot;,&quot;cell_alignment&quot;:&quot;flex-start&quot;}\">\n<div id=\"Bkg2\" class=\"siteorigin-panels-stretch panel-row-style panel-row-style-for-433-0\" data-stretch-type=\"full\">\n<div id=\"pgc-433-0-0\" class=\"panel-grid-cell\" data-weight=\"1\">\n<div id=\"panel-433-0-0-0\" class=\"so-panel widget widget_sow-editor panel-first-child\" data-index=\"0\" data-style=\"{&quot;background_image_attachment&quot;:false,&quot;background_display&quot;:&quot;tile&quot;}\">\n<div class=\"so-widget-sow-editor so-widget-sow-editor-base\">\n<div class=\"siteorigin-widget-tinymce textwidget\">\n<h1><strong>Contactez-nous<\/strong><\/h1>\n<\/div>\n<\/div>\n<\/div>\n<div id=\"panel-433-0-0-1\" class=\"so-panel widget widget_siteorigin-panels-builder panel-last-child\" data-index=\"1\" data-style=\"{&quot;background_image_attachment&quot;:false,&quot;background_display&quot;:&quot;tile&quot;}\">\n<div id=\"pl-w608ab2816a24b\" class=\"panel-layout\">\n<div id=\"pg-w608ab2816a24b-0\" class=\"panel-grid panel-has-style\" data-style=\"{&quot;class&quot;:&quot;Titrenonbouton&quot;,&quot;background_image_attachment&quot;:false,&quot;background_display&quot;:&quot;tile&quot;,&quot;cell_alignment&quot;:&quot;flex-start&quot;}\" data-ratio=\"1\" data-ratio-direction=\"right\">\n<div class=\"Titrenonbouton panel-row-style panel-row-style-for-w608ab2816a24b-0\">\n<div id=\"pgc-w608ab2816a24b-0-0\" class=\"panel-grid-cell panel-grid-cell-empty\" data-weight=\"0.2\"><\/div>\n<div id=\"pgc-w608ab2816a24b-0-1\" class=\"panel-grid-cell\" data-weight=\"0.8\">\n<div id=\"panel-w608ab2816a24b-0-1-0\" class=\"so-panel widget widget_siteorigin-panels-builder panel-first-child\" data-index=\"0\" data-style=\"{&quot;background_image_attachment&quot;:false,&quot;background_display&quot;:&quot;tile&quot;}\">\n<div id=\"pl-w608ab2816a255\" class=\"panel-layout\">\n<div id=\"pg-w608ab2816a255-0\" class=\"panel-grid panel-has-style\" data-style=\"{&quot;background&quot;:&quot;#ffffff&quot;,&quot;background_image_attachment&quot;:false,&quot;background_display&quot;:&quot;tile&quot;,&quot;cell_alignment&quot;:&quot;flex-start&quot;}\">\n<div class=\"panel-row-style panel-row-style-for-w608ab2816a255-0\">\n<div id=\"pgc-w608ab2816a255-0-0\" class=\"panel-grid-cell\" data-weight=\"0.6\">\n<div id=\"panel-w608ab2816a255-0-0-0\" class=\"so-panel widget widget_sow-editor panel-first-child panel-last-child\" data-index=\"0\" data-style=\"{&quot;background_image_attachment&quot;:false,&quot;background_display&quot;:&quot;tile&quot;}\">\n<div class=\"so-widget-sow-editor so-widget-sow-editor-base\">\n<div class=\"siteorigin-widget-tinymce textwidget\">\n<p style=\"padding-left: 30px;\"><strong>Intercommunale Sociale du Brabant Wallon<\/strong>,<\/p>\n<p style=\"padding-left: 90px;\">Si\u00e8ge social : Rue du Cerf 200, 1332 Rixensart<\/p>\n<p style=\"padding-left: 90px;\">Courriel : info@isbw.be<br \/>\nT\u00e9l\u00e9phone : <span style=\"color: #000000;\"><a style=\"color: #000000;\" href=\"tel:+3223151351\">02-315.13.51<\/a><\/span><\/p>\n<\/div>\n<\/div>\n<\/div>\n<\/div>\n<div id=\"pgc-w608ab2816a255-0-1\" class=\"panel-grid-cell\" data-style=\"{&quot;background_image_attachment&quot;:false,&quot;background_display&quot;:&quot;tile&quot;,&quot;vertical_alignment&quot;:&quot;center&quot;}\" data-weight=\"0.4\">\n<div id=\"panel-w608ab2816a255-0-1-0\" class=\"so-panel widget widget_sow-button panel-first-child panel-last-child\" data-index=\"1\" data-style=\"{&quot;background_image_attachment&quot;:false,&quot;background_display&quot;:&quot;tile&quot;}\"><div\n\t\t\t\n\t\t\tclass=\"so-widget-sow-button so-widget-sow-button-flat-1e520deaaef8\"\n\t\t\t\n\t\t><div class=\"ow-button-base ow-button-align-center\"\n>\n\t\t\t<a\n\t\t\t\tclass=\"sowb-button ow-icon-placement-left ow-button-hover\" \t>\n\t\t<span>\n\t\t\t\n\t\t\t\t\t<\/span>\n\t\t\t<\/a>\n\t<\/div>\n<\/div><\/div>\n<\/div>\n<\/div>\n<\/div>\n<\/div>\n<\/div>\n<div id=\"panel-w608ab2816a24b-0-1-1\" class=\"so-panel widget widget_siteorigin-panels-builder panel-last-child\" data-index=\"1\" data-style=\"{&quot;background_image_attachment&quot;:false,&quot;background_display&quot;:&quot;tile&quot;}\">\n<div id=\"pl-w608ab2816a34f\" class=\"panel-layout\">\n<div id=\"pg-w608ab2816a34f-0\" class=\"panel-grid panel-has-style\" data-style=\"{&quot;background&quot;:&quot;#ffffff&quot;,&quot;background_image_attachment&quot;:false,&quot;background_display&quot;:&quot;tile&quot;,&quot;cell_alignment&quot;:&quot;flex-start&quot;}\" data-ratio=\"1\" data-ratio-direction=\"right\">\n<div class=\"panel-row-style panel-row-style-for-w608ab2816a34f-0\">\n<div id=\"pgc-w608ab2816a34f-0-0\" class=\"panel-grid-cell\" data-weight=\"1\">\n<div id=\"panel-w608ab2816a34f-0-0-0\" class=\"so-panel widget widget_sow-editor panel-first-child\" data-index=\"0\" data-style=\"{&quot;background_image_attachment&quot;:false,&quot;background_display&quot;:&quot;tile&quot;,&quot;margin&quot;:&quot;0em 0em -2em 0em&quot;}\">\n<div class=\"so-widget-sow-editor so-widget-sow-editor-base\">\n<div class=\"siteorigin-widget-tinymce textwidget\"><\/div>\n<\/div>\n<\/div>\n<div id=\"panel-w608ab2816a34f-0-0-1\" class=\"so-panel widget widget_sow-editor panel-last-child\" data-index=\"1\" data-style=\"{&quot;padding&quot;:&quot;1em 3em 2em 10em&quot;,&quot;background_image_attachment&quot;:false,&quot;background_display&quot;:&quot;tile&quot;}\">\n<div class=\"panel-widget-style panel-widget-style-for-w608ab2816a34f-0-0-1\">\n<div class=\"so-widget-sow-editor so-widget-sow-editor-base\">\n<div class=\"siteorigin-widget-tinymce textwidget\"><\/div>\n<\/div>\n<\/div>\n<\/div>\n<\/div>\n<\/div>\n<\/div>\n<\/div>\n<\/div>\n<\/div>\n<\/div>\n<\/div>\n<\/div>\n<\/div>\n<\/div>\n<\/div>\n<\/div>\n<div id=\"pg-433-1\" class=\"panel-grid panel-has-style\" data-style=\"{&quot;background&quot;:&quot;#e2e2e2&quot;,&quot;background_image_attachment&quot;:false,&quot;background_display&quot;:&quot;tile&quot;,&quot;row_stretch&quot;:&quot;full&quot;,&quot;cell_alignment&quot;:&quot;flex-start&quot;}\">\n<div class=\"siteorigin-panels-stretch panel-row-style panel-row-style-for-433-1\" data-stretch-type=\"full\">\n<div id=\"pgc-433-1-0\" class=\"panel-grid-cell\" data-weight=\"1\">\n<div id=\"panel-433-1-0-0\" class=\"so-panel widget widget_siteorigin-panels-builder panel-first-child panel-last-child\" data-index=\"2\" data-style=\"{&quot;background_image_attachment&quot;:false,&quot;background_display&quot;:&quot;tile&quot;}\">\n<div id=\"pl-w5c5c30898be4d\" class=\"panel-layout\">\n<div id=\"pg-w5c5c30898be4d-0\" class=\"panel-grid panel-has-style\" data-style=\"{&quot;id&quot;:&quot;&quot;,&quot;class&quot;:&quot;&quot;,&quot;cell_class&quot;:&quot;&quot;,&quot;row_css&quot;:&quot;&quot;,&quot;mobile_css&quot;:&quot;&quot;,&quot;bottom_margin&quot;:&quot;&quot;,&quot;gutter&quot;:&quot;&quot;,&quot;padding&quot;:&quot;1em 0em 0em 0em&quot;,&quot;mobile_padding&quot;:&quot;&quot;,&quot;row_stretch&quot;:&quot;&quot;,&quot;collapse_behaviour&quot;:&quot;&quot;,&quot;collapse_order&quot;:&quot;&quot;,&quot;cell_alignment&quot;:&quot;flex-start&quot;,&quot;background&quot;:&quot;#e2e2e2&quot;,&quot;background_image_attachment&quot;:&quot;0&quot;,&quot;background_image_attachment_fallback&quot;:&quot;&quot;,&quot;background_display&quot;:&quot;tile&quot;,&quot;border_color&quot;:&quot;&quot;}\" data-ratio=\"1\" data-ratio-direction=\"right\">\n<div class=\"panel-row-style panel-row-style-for-w5c5c30898be4d-0\">\n<div id=\"pgc-w5c5c30898be4d-0-1\" class=\"panel-grid-cell panel-grid-cell-empty\" data-weight=\"0.2\"><\/div>\n<div id=\"pgc-w5c5c30898be4d-0-2\" class=\"panel-grid-cell panel-grid-cell-empty\" data-weight=\"0.2\"><\/div>\n<div id=\"pgc-w5c5c30898be4d-0-3\" class=\"panel-grid-cell panel-grid-cell-empty\" data-weight=\"0.2\"><\/div>\n<div id=\"pgc-w5c5c30898be4d-0-4\" class=\"panel-grid-cell\" data-weight=\"0.2\">\n<div id=\"panel-w5c5c30898be4d-0-4-0\" class=\"so-panel widget widget_sow-button panel-first-child panel-last-child\" data-index=\"0\" data-style=\"{&quot;id&quot;:&quot;&quot;,&quot;class&quot;:&quot;&quot;,&quot;widget_css&quot;:&quot;&quot;,&quot;mobile_css&quot;:&quot;&quot;,&quot;margin&quot;:&quot;&quot;,&quot;padding&quot;:&quot;&quot;,&quot;mobile_padding&quot;:&quot;&quot;,&quot;background&quot;:&quot;&quot;,&quot;background_image_attachment&quot;:&quot;0&quot;,&quot;background_image_attachment_fallback&quot;:&quot;&quot;,&quot;background_display&quot;:&quot;tile&quot;,&quot;border_color&quot;:&quot;&quot;,&quot;font_color&quot;:&quot;&quot;,&quot;link_color&quot;:&quot;&quot;}\"><div\n\t\t\t\n\t\t\tclass=\"so-widget-sow-button so-widget-sow-button-flat-1e520deaaef8\"\n\t\t\t\n\t\t><div class=\"ow-button-base ow-button-align-center\"\n>\n\t\t\t<a\n\t\t\t\tclass=\"sowb-button ow-icon-placement-left ow-button-hover\" \t>\n\t\t<span>\n\t\t\t\n\t\t\t\t\t<\/span>\n\t\t\t<\/a>\n\t<\/div>\n<\/div><\/div>\n<\/div>\n<\/div>\n<\/div>\n<\/div>\n<\/div>\n<\/div>\n<\/div>\n<\/div>\n<\/div>\n","protected":false},"excerpt":{"rendered":"<p>Contactez-nous Intercommunale Sociale du Brabant Wallon, Si\u00e8ge social : Rue du Cerf 200, 1332 Rixensart Courriel : info@isbw.be T\u00e9l\u00e9phone : 02-315.13.51<\/p>\n","protected":false},"author":1,"featured_media":0,"parent":0,"menu_order":0,"comment_status":"closed","ping_status":"closed","template":"","meta":{"footnotes":""},"class_list":["post-433","page","type-page","status-publish","czr-hentry"],"_links":{"self":[{"href":"https:\/\/isbw.be\/professionnel\/wp-json\/wp\/v2\/pages\/433","targetHints":{"allow":["GET"]}}],"collection":[{"href":"https:\/\/isbw.be\/professionnel\/wp-json\/wp\/v2\/pages"}],"about":[{"href":"https:\/\/isbw.be\/professionnel\/wp-json\/wp\/v2\/types\/page"}],"author":[{"embeddable":true,"href":"https:\/\/isbw.be\/professionnel\/wp-json\/wp\/v2\/users\/1"}],"replies":[{"embeddable":true,"href":"https:\/\/isbw.be\/professionnel\/wp-json\/wp\/v2\/comments?post=433"}],"version-history":[{"count":51,"href":"https:\/\/isbw.be\/professionnel\/wp-json\/wp\/v2\/pages\/433\/revisions"}],"predecessor-version":[{"id":2410,"href":"https:\/\/isbw.be\/professionnel\/wp-json\/wp\/v2\/pages\/433\/revisions\/2410"}],"wp:attachment":[{"href":"https:\/\/isbw.be\/professionnel\/wp-json\/wp\/v2\/media?parent=433"}],"curies":[{"name":"wp","href":"https:\/\/api.w.org\/{rel}","templated":true}]}}