{"id":648,"date":"2019-02-11T16:14:39","date_gmt":"2019-02-11T15:14:39","guid":{"rendered":"http:\/\/isbw.be\/professionnel\/?page_id=648"},"modified":"2023-05-15T10:56:06","modified_gmt":"2023-05-15T08:56:06","slug":"le-pole-ressources-humaines","status":"publish","type":"page","link":"https:\/\/isbw.be\/professionnel\/services-generaux\/le-pole-ressources-humaines\/","title":{"rendered":"Le Pole Ressources humaines"},"content":{"rendered":"<div id=\"pl-648\"  class=\"panel-layout\" ><div id=\"pg-648-0\"  class=\"panel-grid panel-has-style\" ><div class=\"siteorigin-panels-stretch panel-row-style panel-row-style-for-648-0\" id=\"Bkg2\" data-stretch-type=\"full\" ><div id=\"pgc-648-0-0\"  class=\"panel-grid-cell\" ><div id=\"panel-648-0-0-0\" class=\"so-panel widget widget_siteorigin-panels-builder panel-first-child panel-last-child\" data-index=\"0\" ><div id=\"pl-w6461f3980b1a3\"  class=\"panel-layout\" ><div id=\"pg-w6461f3980b1a3-0\"  class=\"panel-grid panel-no-style\" ><div id=\"pgc-w6461f3980b1a3-0-0\"  class=\"panel-grid-cell\" ><div id=\"panel-w6461f3980b1a3-0-0-0\" class=\"so-panel widget widget_sow-editor panel-first-child panel-last-child\" data-index=\"0\" ><div\n\t\t\t\n\t\t\tclass=\"so-widget-sow-editor so-widget-sow-editor-base\"\n\t\t\t\n\t\t>\n<div class=\"siteorigin-widget-tinymce textwidget\">\n\t<h1><strong>Les Services g\u00e9n\u00e9raux<\/strong><\/h1>\n<\/div>\n<\/div><\/div><\/div><\/div><div id=\"pg-w6461f3980b1a3-1\"  class=\"panel-grid panel-has-style\" ><div class=\"Titrenonbouton panel-row-style panel-row-style-for-w6461f3980b1a3-1\" ><div id=\"pgc-w6461f3980b1a3-1-0\"  class=\"panel-grid-cell\" ><div id=\"panel-w6461f3980b1a3-1-0-0\" class=\"so-panel widget widget_sow-icon panel-first-child panel-last-child\" data-index=\"1\" ><div\n\t\t\t\n\t\t\tclass=\"so-widget-sow-icon so-widget-sow-icon-default-bea670614984\"\n\t\t\t\n\t\t>\n<div class=\"sow-icon-container sow-icon\">\n\t\t\t<span class=\"sow-icon-fontawesome sow-fas\" data-sow-icon=\"&#xf0a9;\"\n\t\t \n\t\taria-hidden=\"true\"><\/span>\t<\/div>\n<\/div><\/div><\/div><div id=\"pgc-w6461f3980b1a3-1-1\"  class=\"panel-grid-cell\" ><div id=\"panel-w6461f3980b1a3-1-1-0\" class=\"so-panel widget widget_sow-editor panel-first-child panel-last-child\" data-index=\"2\" ><div\n\t\t\t\n\t\t\tclass=\"so-widget-sow-editor so-widget-sow-editor-base\"\n\t\t\t\n\t\t>\n<div class=\"siteorigin-widget-tinymce textwidget\">\n\t<h2>Le P\u00f4le ressources humaines<\/h2>\n<\/div>\n<\/div><\/div><\/div><\/div><\/div><div id=\"pg-w6461f3980b1a3-2\"  class=\"panel-grid panel-has-style\" ><div class=\"Titrenonbouton panel-row-style panel-row-style-for-w6461f3980b1a3-2\" ><div id=\"pgc-w6461f3980b1a3-2-0\"  class=\"panel-grid-cell panel-grid-cell-empty\" ><\/div><div id=\"pgc-w6461f3980b1a3-2-1\"  class=\"panel-grid-cell\" ><div id=\"panel-w6461f3980b1a3-2-1-0\" class=\"so-panel widget widget_sow-editor panel-first-child panel-last-child\" data-index=\"3\" ><div class=\"panel-widget-style panel-widget-style-for-w6461f3980b1a3-2-1-0\" ><div\n\t\t\t\n\t\t\tclass=\"so-widget-sow-editor so-widget-sow-editor-base\"\n\t\t\t\n\t\t>\n<div class=\"siteorigin-widget-tinymce textwidget\">\n\t<p style=\"text-align: left; padding-left: 90px;\"><span style=\"color: #000000;\"><a style=\"color: #000000;\" href=\"https:\/\/isbw.be\/professionnel\/services-generaux\/le-pole-ressources-humaines#PROprhQuisommesnous\"><strong>Qui sommes-nous ?<\/strong><\/a><\/span><\/p>\n<p style=\"text-align: left; padding-left: 90px;\"><span style=\"color: #000000;\"><a style=\"color: #000000;\" href=\"https:\/\/isbw.be\/professionnel\/services-generaux\/le-pole-ressources-humaines#PROprhLequipe\"><strong>L'\u00e9quipe<\/strong><\/a><\/span><\/p>\n<p style=\"text-align: left; padding-left: 90px;\"><span style=\"color: #000000;\"><a style=\"color: #000000;\" href=\"https:\/\/isbw.be\/professionnel\/services-generaux\/le-pole-ressources-humaines#PROprhNouscontacter\"><strong>Nous contacter<\/strong><\/a><\/span><\/p>\n<\/div>\n<\/div><\/div><\/div><\/div><\/div><\/div><div id=\"pg-w6461f3980b1a3-3\"  class=\"panel-grid panel-has-style\" ><div class=\"Titrenonbouton panel-row-style panel-row-style-for-w6461f3980b1a3-3\" ><div id=\"pgc-w6461f3980b1a3-3-0\"  class=\"panel-grid-cell panel-grid-cell-empty\" ><\/div><div id=\"pgc-w6461f3980b1a3-3-1\"  class=\"panel-grid-cell\" ><div id=\"panel-w6461f3980b1a3-3-1-0\" class=\"so-panel widget widget_sow-editor panel-first-child panel-last-child\" data-index=\"4\" ><div class=\"BlocTexteDeco panel-widget-style panel-widget-style-for-w6461f3980b1a3-3-1-0\" ><div\n\t\t\t\n\t\t\tclass=\"so-widget-sow-editor so-widget-sow-editor-base\"\n\t\t\t\n\t\t>\n<div class=\"siteorigin-widget-tinymce textwidget\">\n\t<h3><a id=\"PROprhQuisommesnous\"><\/a>Qui sommes-nous ?<\/h3>\n<p style=\"padding-left: 30px;\">Le P\u00f4le RH prend en charge la gestion du personnel (gestion des diff\u00e9rents contrats, statuts, absences de longue dur\u00e9e, etc.) et intervient, en lien avec d\u2019autres services de l\u2019intercommunale, dans les processus GRH (accueil, acc\u00e8s \u00e0 l\u2019information, gestion des subsides, masse salariale,\u2026).<br \/>\nIl est \u00e9galement responsable de la gestion et du suivi des accidents de travail, scolaires,... Il accompagne les autres services dans la r\u00e9alisation de march\u00e9s publics lanc\u00e9s par l\u2019intercommunale. R\u00e9f\u00e9rent de la l\u00e9galit\u00e9, il facilite l\u2019acc\u00e8s \u00e0 l\u2019information sur la l\u00e9gislation sociale et conseille la hi\u00e9rarchie afin de garantir le respect de la r\u00e9glementation en mati\u00e8re de ressources humaines. Le P\u00f4le g\u00e9n\u00e8re les donn\u00e9es statistiques de l\u2019I.S.B.W..<\/p>\n<\/div>\n<\/div><\/div><\/div><\/div><\/div><\/div><div id=\"pg-w6461f3980b1a3-4\"  class=\"panel-grid panel-has-style\" ><div class=\"Titrenonbouton panel-row-style panel-row-style-for-w6461f3980b1a3-4\" ><div id=\"pgc-w6461f3980b1a3-4-0\"  class=\"panel-grid-cell panel-grid-cell-empty\" ><\/div><div id=\"pgc-w6461f3980b1a3-4-1\"  class=\"panel-grid-cell\" ><div id=\"panel-w6461f3980b1a3-4-1-0\" class=\"so-panel widget widget_sow-editor panel-first-child panel-last-child\" data-index=\"5\" ><div class=\"BlocTexteDeco panel-widget-style panel-widget-style-for-w6461f3980b1a3-4-1-0\" ><div\n\t\t\t\n\t\t\tclass=\"so-widget-sow-editor so-widget-sow-editor-base\"\n\t\t\t\n\t\t>\n<div class=\"siteorigin-widget-tinymce textwidget\">\n\t<h3><a id=\"PROprhLequipe\"><\/a>L'\u00e9quipe<\/h3>\n<p style=\"padding-left: 30px;\">Le P\u00f4le ressources humaines est compos\u00e9 :<\/p>\n<ul class=\"Decaliste\">\n<li>d\u2019une Adjointe \u00e0 la Direction, Anne Lenoir<\/li>\n<li>Un chef de P\u00f4le, Corentin Mahieu ;<\/li>\n<li class=\"on\">de 5 collaborateurs\/trices :\n<ul>\n<li>Mouad Hassouni ;<\/li>\n<li class=\"\">Herv\u00e9 Dujardin ;<\/li>\n<li class=\"\">Micha\u00ebl Dombret ;<\/li>\n<li class=\"\">Elodie De Spiegeleir ;<\/li>\n<li class=\"\">Francesca De Blasio ;<\/li>\n<li class=\"\">Anissa Benyahia.<\/li>\n<\/ul>\n<\/li>\n<\/ul>\n<\/div>\n<\/div><\/div><\/div><\/div><\/div><\/div><div id=\"pg-w6461f3980b1a3-5\"  class=\"panel-grid panel-has-style\" ><div class=\"Titrenonbouton panel-row-style panel-row-style-for-w6461f3980b1a3-5\" ><div id=\"pgc-w6461f3980b1a3-5-0\"  class=\"panel-grid-cell panel-grid-cell-empty\" ><\/div><div id=\"pgc-w6461f3980b1a3-5-1\"  class=\"panel-grid-cell\" ><div id=\"panel-w6461f3980b1a3-5-1-0\" class=\"so-panel widget widget_sow-editor panel-first-child panel-last-child\" data-index=\"6\" ><div class=\"panel-widget-style panel-widget-style-for-w6461f3980b1a3-5-1-0\" ><div\n\t\t\t\n\t\t\tclass=\"so-widget-sow-editor so-widget-sow-editor-base\"\n\t\t\t\n\t\t>\n<div class=\"siteorigin-widget-tinymce textwidget\">\n\t<h3><a id=\"PROprhNouscontacter\"><\/a>Nous contacter...<\/h3>\n<p style=\"padding-left: 30px;\"><b>Notre adresse postale :<\/b><\/p>\n<p style=\"padding-left: 60px;\">Intercommunale sociale du Brabant wallon, P\u00f4le ressources humaines, Rue du Cerf 200, 1332 Rixensart.<\/p>\n<p style=\"padding-left: 30px;\">Pour nous joindre par<span style=\"color: #000000;\"> <a style=\"color: #000000;\" href=\"mailto:rhl@isbw.be\">rh@isbw.be<\/a><\/span><\/p>\n<p style=\"padding-left: 30px;\">Par t\u00e9l\u00e9phone : <span style=\"color: #000000;\"><a style=\"color: #000000;\" href=\"tel:+3223151360\">02 - 315.13.60<\/a><\/span><\/p>\n<\/div>\n<\/div><\/div><\/div><\/div><\/div><\/div><\/div><\/div><\/div><\/div><\/div><div id=\"pg-648-1\"  class=\"panel-grid panel-has-style\" ><div class=\"siteorigin-panels-stretch panel-row-style panel-row-style-for-648-1\" data-stretch-type=\"full\" ><div id=\"pgc-648-1-0\"  class=\"panel-grid-cell\" ><div id=\"panel-648-1-0-0\" class=\"so-panel widget widget_sow-button panel-first-child panel-last-child\" data-index=\"1\" ><div class=\"BoutonQuestion panel-widget-style panel-widget-style-for-648-1-0-0\" ><div\n\t\t\t\n\t\t\tclass=\"so-widget-sow-button so-widget-sow-button-flat-6b5f058a71cd-648\"\n\t\t\t\n\t\t><div class=\"ow-button-base ow-button-align-left\"\n>\n\t\t\t<a\n\t\t\t\t\thref=\"https:\/\/isbw.be\/professionnel\/services-generaux\/le-pole-budget-finances\/\"\n\t\t\t\t\tclass=\"sowb-button ow-icon-placement-left ow-button-hover\" title=\"vers le Job-coaching\" \t>\n\t\t<span>\n\t\t\t<span class=\"sow-icon-fontawesome sow-far\" data-sow-icon=\"&#xf0a4;\"\n\t\tstyle=\"color: #dd3333\" \n\t\taria-hidden=\"true\"><\/span>\n\t\t\tLe P\u00f4le budgets &amp; finances\t\t<\/span>\n\t\t\t<\/a>\n\t<\/div>\n<\/div><\/div><\/div><\/div><\/div><\/div><div id=\"pg-648-2\"  class=\"panel-grid panel-has-style\" ><div class=\"siteorigin-panels-stretch panel-row-style panel-row-style-for-648-2\" data-stretch-type=\"full\" ><div id=\"pgc-648-2-0\"  class=\"panel-grid-cell\" ><div id=\"panel-648-2-0-0\" class=\"so-panel widget widget_sow-button panel-first-child panel-last-child\" data-index=\"2\" ><div class=\"BoutonQuestion panel-widget-style panel-widget-style-for-648-2-0-0\" ><div\n\t\t\t\n\t\t\tclass=\"so-widget-sow-button so-widget-sow-button-flat-6b5f058a71cd-648\"\n\t\t\t\n\t\t><div class=\"ow-button-base ow-button-align-left\"\n>\n\t\t\t<a\n\t\t\t\t\thref=\"https:\/\/isbw.be\/professionnel\/services-generaux\/le-service-informatique-et-communication\/\"\n\t\t\t\t\tclass=\"sowb-button ow-icon-placement-left ow-button-hover\" title=\"vers le Job-coaching\" \t>\n\t\t<span>\n\t\t\t<span class=\"sow-icon-fontawesome sow-far\" data-sow-icon=\"&#xf0a4;\"\n\t\tstyle=\"color: #dd3333\" \n\t\taria-hidden=\"true\"><\/span>\n\t\t\tLe Service informatique et communication\t\t<\/span>\n\t\t\t<\/a>\n\t<\/div>\n<\/div><\/div><\/div><\/div><\/div><\/div><div id=\"pg-648-3\"  class=\"panel-grid panel-has-style\" ><div class=\"siteorigin-panels-stretch panel-row-style panel-row-style-for-648-3\" data-stretch-type=\"full\" ><div id=\"pgc-648-3-0\"  class=\"panel-grid-cell\" ><div id=\"panel-648-3-0-0\" class=\"so-panel widget widget_sow-button panel-first-child panel-last-child\" data-index=\"3\" ><div class=\"BoutonQuestion panel-widget-style panel-widget-style-for-648-3-0-0\" ><div\n\t\t\t\n\t\t\tclass=\"so-widget-sow-button so-widget-sow-button-flat-6b5f058a71cd-648\"\n\t\t\t\n\t\t><div class=\"ow-button-base ow-button-align-left\"\n>\n\t\t\t<a\n\t\t\t\t\thref=\"https:\/\/isbw.be\/professionnel\/services-generaux\/la-direction-generale\/\"\n\t\t\t\t\tclass=\"sowb-button ow-icon-placement-left ow-button-hover\" title=\"vers le Job-coaching\" \t>\n\t\t<span>\n\t\t\t<span class=\"sow-icon-fontawesome sow-far\" data-sow-icon=\"&#xf0a4;\"\n\t\tstyle=\"color: #dd3333\" \n\t\taria-hidden=\"true\"><\/span>\n\t\t\tLa Direction g\u00e9n\u00e9rale\t\t<\/span>\n\t\t\t<\/a>\n\t<\/div>\n<\/div><\/div><\/div><\/div><\/div><\/div><div id=\"pg-648-4\"  class=\"panel-grid panel-has-style\" ><div class=\"siteorigin-panels-stretch panel-row-style panel-row-style-for-648-4\" data-stretch-type=\"full\" ><div id=\"pgc-648-4-0\"  class=\"panel-grid-cell\" ><div id=\"panel-648-4-0-0\" class=\"so-panel widget widget_sow-button panel-first-child panel-last-child\" data-index=\"4\" ><div class=\"BoutonQuestion panel-widget-style panel-widget-style-for-648-4-0-0\" ><div\n\t\t\t\n\t\t\tclass=\"so-widget-sow-button so-widget-sow-button-flat-6b5f058a71cd-648\"\n\t\t\t\n\t\t><div class=\"ow-button-base ow-button-align-left\"\n>\n\t\t\t<a\n\t\t\t\t\thref=\"https:\/\/isbw.be\/professionnel\/services-generaux\/le-service-interne-de-prevention-et-de-protection\/\"\n\t\t\t\t\tclass=\"sowb-button ow-icon-placement-left ow-button-hover\" title=\"vers le Job-coaching\" \t>\n\t\t<span>\n\t\t\t<span class=\"sow-icon-fontawesome sow-far\" data-sow-icon=\"&#xf0a4;\"\n\t\tstyle=\"color: #dd3333\" \n\t\taria-hidden=\"true\"><\/span>\n\t\t\tLe Service interne de pr\u00e9vention et de protection\t\t<\/span>\n\t\t\t<\/a>\n\t<\/div>\n<\/div><\/div><\/div><\/div><\/div><\/div><div id=\"pg-648-5\"  class=\"panel-grid panel-has-style\" ><div class=\"siteorigin-panels-stretch panel-row-style panel-row-style-for-648-5\" data-stretch-type=\"full\" ><div id=\"pgc-648-5-0\"  class=\"panel-grid-cell\" ><div id=\"panel-648-5-0-0\" class=\"so-panel widget widget_siteorigin-panels-builder panel-first-child panel-last-child\" data-index=\"5\" ><div id=\"pl-w5c6191808133d\"  class=\"panel-layout\" ><div id=\"pg-w5c6191808133d-0\"  class=\"panel-grid panel-has-style\" ><div class=\"panel-row-style panel-row-style-for-w5c6191808133d-0\" ><div id=\"pgc-w5c6191808133d-0-0\"  class=\"panel-grid-cell panel-grid-cell-empty\" ><\/div><div id=\"pgc-w5c6191808133d-0-1\"  class=\"panel-grid-cell panel-grid-cell-empty\" ><\/div><div id=\"pgc-w5c6191808133d-0-2\"  class=\"panel-grid-cell panel-grid-cell-empty\" ><\/div><div id=\"pgc-w5c6191808133d-0-3\"  class=\"panel-grid-cell panel-grid-cell-empty\" ><\/div><div id=\"pgc-w5c6191808133d-0-4\"  class=\"panel-grid-cell\" ><div id=\"panel-w5c6191808133d-0-4-0\" class=\"so-panel widget widget_sow-button panel-first-child panel-last-child\" data-index=\"0\" ><div\n\t\t\t\n\t\t\tclass=\"so-widget-sow-button so-widget-sow-button-flat-de31a69c3823\"\n\t\t\t\n\t\t><div class=\"ow-button-base ow-button-align-right\"\n>\n\t\t\t<a\n\t\t\t\t\thref=\"https:\/\/isbw.be\/professionnel\/services-generaux\/\"\n\t\t\t\t\tclass=\"sowb-button ow-icon-placement-left ow-button-hover\" title=\"vers l&#039;Accompagnement\" \t>\n\t\t<span>\n\t\t\t<span class=\"sow-icon-ionicons\" data-sow-icon=\"&#xf124;\"\n\t\tstyle=\"color: #ffffff\" \n\t\taria-hidden=\"true\"><\/span>\n\t\t\t\t\t<\/span>\n\t\t\t<\/a>\n\t<\/div>\n<\/div><\/div><\/div><\/div><\/div><\/div><\/div><\/div><\/div><\/div><\/div>","protected":false},"excerpt":{"rendered":"<p>Les Services g\u00e9n\u00e9raux Le P\u00f4le ressources humaines Qui sommes-nous ? L&rsquo;\u00e9quipe Nous contacter Qui sommes-nous ? Le P\u00f4le RH prend en charge la gestion du personnel (gestion des diff\u00e9rents contrats, statuts, absences de longue dur\u00e9e, etc.) et intervient, en lien avec d\u2019autres services de l\u2019intercommunale, dans les processus GRH (accueil, acc\u00e8s \u00e0 l\u2019information, gestion des [&hellip;]<\/p>\n","protected":false},"author":1,"featured_media":0,"parent":437,"menu_order":0,"comment_status":"closed","ping_status":"closed","template":"","meta":{"footnotes":""},"class_list":["post-648","page","type-page","status-publish","czr-hentry"],"_links":{"self":[{"href":"https:\/\/isbw.be\/professionnel\/wp-json\/wp\/v2\/pages\/648","targetHints":{"allow":["GET"]}}],"collection":[{"href":"https:\/\/isbw.be\/professionnel\/wp-json\/wp\/v2\/pages"}],"about":[{"href":"https:\/\/isbw.be\/professionnel\/wp-json\/wp\/v2\/types\/page"}],"author":[{"embeddable":true,"href":"https:\/\/isbw.be\/professionnel\/wp-json\/wp\/v2\/users\/1"}],"replies":[{"embeddable":true,"href":"https:\/\/isbw.be\/professionnel\/wp-json\/wp\/v2\/comments?post=648"}],"version-history":[{"count":66,"href":"https:\/\/isbw.be\/professionnel\/wp-json\/wp\/v2\/pages\/648\/revisions"}],"predecessor-version":[{"id":2467,"href":"https:\/\/isbw.be\/professionnel\/wp-json\/wp\/v2\/pages\/648\/revisions\/2467"}],"up":[{"embeddable":true,"href":"https:\/\/isbw.be\/professionnel\/wp-json\/wp\/v2\/pages\/437"}],"wp:attachment":[{"href":"https:\/\/isbw.be\/professionnel\/wp-json\/wp\/v2\/media?parent=648"}],"curies":[{"name":"wp","href":"https:\/\/api.w.org\/{rel}","templated":true}]}}