{"id":679,"date":"2019-02-12T15:45:31","date_gmt":"2019-02-12T14:45:31","guid":{"rendered":"http:\/\/isbw.be\/professionnel\/?page_id=679"},"modified":"2024-01-05T15:07:06","modified_gmt":"2024-01-05T14:07:06","slug":"nos-services-en-brabant-wallon","status":"publish","type":"page","link":"https:\/\/isbw.be\/professionnel\/nos-services-en-brabant-wallon\/","title":{"rendered":"Nos services en Brabant wallon"},"content":{"rendered":"<div id=\"pl-679\"  class=\"panel-layout\" ><div id=\"pg-679-0\"  class=\"panel-grid panel-has-style\" ><div class=\"siteorigin-panels-stretch panel-row-style panel-row-style-for-679-0\" id=\"Bkg2\" data-stretch-type=\"full\" ><div id=\"pgc-679-0-0\"  class=\"panel-grid-cell\" ><div id=\"panel-679-0-0-0\" class=\"so-panel widget widget_siteorigin-panels-builder panel-first-child panel-last-child\" data-index=\"0\" ><div id=\"pl-w65980cf51df7a\"  class=\"panel-layout\" ><div id=\"pg-w65980cf51df7a-0\"  class=\"panel-grid panel-no-style\" ><div id=\"pgc-w65980cf51df7a-0-0\"  class=\"panel-grid-cell\" ><div id=\"panel-w65980cf51df7a-0-0-0\" class=\"so-panel widget widget_sow-editor panel-first-child panel-last-child\" data-index=\"0\" ><div\n\t\t\t\n\t\t\tclass=\"so-widget-sow-editor so-widget-sow-editor-base\"\n\t\t\t\n\t\t>\n<div class=\"siteorigin-widget-tinymce textwidget\">\n\t<h1><strong>Nos services<\/strong><\/h1>\n<\/div>\n<\/div><\/div><\/div><\/div><div id=\"pg-w65980cf51df7a-1\"  class=\"panel-grid panel-has-style\" ><div class=\"Titrenonbouton panel-row-style panel-row-style-for-w65980cf51df7a-1\" ><div id=\"pgc-w65980cf51df7a-1-0\"  class=\"panel-grid-cell\" ><div id=\"panel-w65980cf51df7a-1-0-0\" class=\"so-panel widget widget_sow-icon panel-first-child panel-last-child\" data-index=\"1\" ><div\n\t\t\t\n\t\t\tclass=\"so-widget-sow-icon so-widget-sow-icon-default-bea670614984\"\n\t\t\t\n\t\t>\n<div class=\"sow-icon-container sow-icon\">\n\t\t\t<span class=\"sow-icon-fontawesome sow-fas\" data-sow-icon=\"&#xf0a9;\"\n\t\t \n\t\taria-hidden=\"true\"><\/span>\t<\/div>\n<\/div><\/div><\/div><div id=\"pgc-w65980cf51df7a-1-1\"  class=\"panel-grid-cell\" ><div id=\"panel-w65980cf51df7a-1-1-0\" class=\"so-panel widget widget_sow-editor panel-first-child panel-last-child\" data-index=\"2\" ><div\n\t\t\t\n\t\t\tclass=\"so-widget-sow-editor so-widget-sow-editor-base\"\n\t\t\t\n\t\t>\n<div class=\"siteorigin-widget-tinymce textwidget\">\n\t<h2>en Brabant wallon...<\/h2>\n<div id=\"gtx-trans\" style=\"position: absolute; left: -45px; top: -4.09375px;\">\n<div class=\"gtx-trans-icon\"><\/div>\n<\/div>\n<\/div>\n<\/div><\/div><\/div><\/div><\/div><div id=\"pg-w65980cf51df7a-2\"  class=\"panel-grid panel-has-style\" ><div class=\"Titrenonbouton panel-row-style panel-row-style-for-w65980cf51df7a-2\" ><div id=\"pgc-w65980cf51df7a-2-0\"  class=\"panel-grid-cell panel-grid-cell-empty\" ><\/div><div id=\"pgc-w65980cf51df7a-2-1\"  class=\"panel-grid-cell panel-grid-cell-mobile-last\" ><div id=\"panel-w65980cf51df7a-2-1-0\" class=\"so-panel widget widget_sow-editor panel-first-child panel-last-child\" data-index=\"3\" ><div class=\"panel-widget-style panel-widget-style-for-w65980cf51df7a-2-1-0\" ><div\n\t\t\t\n\t\t\tclass=\"so-widget-sow-editor so-widget-sow-editor-base\"\n\t\t\t\n\t\t>\n<div class=\"siteorigin-widget-tinymce textwidget\">\n\t<p>&nbsp;<\/p>\n<p><img loading=\"lazy\" decoding=\"async\" class=\"size-full wp-image-2744 aligncenter\" src=\"https:\/\/isbw.be\/professionnel\/wp-content\/uploads\/sites\/3\/2024\/01\/202401-Nos-services-en-BW-carte-BW-et-legende.jpg\" alt=\"carte du Brabant wallon pr\u00e9sentant la r\u00e9partition de nos services par commune\" width=\"1000\" height=\"659\" srcset=\"https:\/\/isbw.be\/professionnel\/wp-content\/uploads\/sites\/3\/2024\/01\/202401-Nos-services-en-BW-carte-BW-et-legende.jpg 1000w, https:\/\/isbw.be\/professionnel\/wp-content\/uploads\/sites\/3\/2024\/01\/202401-Nos-services-en-BW-carte-BW-et-legende-300x198.jpg 300w, https:\/\/isbw.be\/professionnel\/wp-content\/uploads\/sites\/3\/2024\/01\/202401-Nos-services-en-BW-carte-BW-et-legende-768x506.jpg 768w\" sizes=\"auto, (max-width: 1000px) 100vw, 1000px\" \/><\/p>\n<p>&nbsp;<\/p>\n<\/div>\n<\/div><\/div><\/div><\/div><div id=\"pgc-w65980cf51df7a-2-2\"  class=\"panel-grid-cell panel-grid-cell-empty\" ><\/div><\/div><\/div><div id=\"pg-w65980cf51df7a-3\"  class=\"panel-grid panel-has-style\" ><div class=\"Titrenonbouton panel-row-style panel-row-style-for-w65980cf51df7a-3\" ><div id=\"pgc-w65980cf51df7a-3-0\"  class=\"panel-grid-cell panel-grid-cell-empty\" ><\/div><div id=\"pgc-w65980cf51df7a-3-1\"  class=\"panel-grid-cell panel-grid-cell-mobile-last\" ><div id=\"panel-w65980cf51df7a-3-1-0\" class=\"so-panel widget widget_siteorigin-panels-builder panel-first-child panel-last-child\" data-index=\"4\" ><div class=\"panel-widget-style panel-widget-style-for-w65980cf51df7a-3-1-0\" ><div id=\"pl-w608ab35d8b60a\"  class=\"panel-layout\" ><div id=\"pg-w608ab35d8b60a-0\"  class=\"panel-grid panel-has-style\" ><div class=\"panel-row-style panel-row-style-for-w608ab35d8b60a-0\" ><div id=\"pgc-w608ab35d8b60a-0-0\"  class=\"panel-grid-cell\" ><div id=\"panel-w608ab35d8b60a-0-0-0\" class=\"so-panel widget widget_sow-editor panel-first-child panel-last-child\" data-index=\"0\" ><div\n\t\t\t\n\t\t\tclass=\"so-widget-sow-editor so-widget-sow-editor-base\"\n\t\t\t\n\t\t>\n<div class=\"siteorigin-widget-tinymce textwidget\">\n\t<p>1. Beauvechain<br \/>\n2. Braine-l\u2019Alleud<br \/>\n3. Braine-le-Ch\u00e2teau<br \/>\n4. Chastre<br \/>\n5. Chaumont-Gistoux<br \/>\n6. Court-Saint-Etienne<br \/>\n7. Genappe<br \/>\n8. Grez-Doiceau<br \/>\n9. H\u00e9l\u00e9cine<\/p>\n<\/div>\n<\/div><\/div><\/div><div id=\"pgc-w608ab35d8b60a-0-1\"  class=\"panel-grid-cell\" ><div id=\"panel-w608ab35d8b60a-0-1-0\" class=\"so-panel widget widget_sow-editor panel-first-child panel-last-child\" data-index=\"1\" ><div\n\t\t\t\n\t\t\tclass=\"so-widget-sow-editor so-widget-sow-editor-base\"\n\t\t\t\n\t\t>\n<div class=\"siteorigin-widget-tinymce textwidget\">\n\t<p>10. Incourt<br \/>\n11. Ittre<br \/>\n12. Jodoigne<br \/>\n13. La Hulpe<br \/>\n14. Lasne<br \/>\n15 . Mont-Saint-Guibert<br \/>\n16. Nivelles<br \/>\n17. Orp-Jauche<br \/>\n18. Ottignies \u2013 Lln<\/p>\n<\/div>\n<\/div><\/div><\/div><div id=\"pgc-w608ab35d8b60a-0-2\"  class=\"panel-grid-cell\" ><div id=\"panel-w608ab35d8b60a-0-2-0\" class=\"so-panel widget widget_sow-editor panel-first-child panel-last-child\" data-index=\"2\" ><div\n\t\t\t\n\t\t\tclass=\"so-widget-sow-editor so-widget-sow-editor-base\"\n\t\t\t\n\t\t>\n<div class=\"siteorigin-widget-tinymce textwidget\">\n\t<p>19. Perwez<br \/>\n20. Ramillies<br \/>\n21. Rebecq<br \/>\n22. Rixensart<br \/>\n23. Tubize<br \/>\n24. Villers-la-Ville<br \/>\n25. Walhain<br \/>\n26. Waterloo<br \/>\n27. Wavre<\/p>\n<\/div>\n<\/div><\/div><\/div><\/div><\/div><\/div><\/div><\/div><\/div><div id=\"pgc-w65980cf51df7a-3-2\"  class=\"panel-grid-cell panel-grid-cell-empty\" ><\/div><\/div><\/div><\/div><\/div><\/div><\/div><\/div><div id=\"pg-679-1\"  class=\"panel-grid panel-has-style\" ><div class=\"siteorigin-panels-stretch panel-row-style panel-row-style-for-679-1\" data-stretch-type=\"full\" ><div id=\"pgc-679-1-0\"  class=\"panel-grid-cell\" ><div id=\"panel-679-1-0-0\" class=\"so-panel widget widget_siteorigin-panels-builder panel-first-child panel-last-child\" data-index=\"1\" ><div id=\"pl-w5e188fa7a6def\"  class=\"panel-layout\" ><div id=\"pg-w5e188fa7a6def-0\"  class=\"panel-grid panel-has-style\" ><div class=\"panel-row-style panel-row-style-for-w5e188fa7a6def-0\" ><div id=\"pgc-w5e188fa7a6def-0-0\"  class=\"panel-grid-cell panel-grid-cell-empty\" ><\/div><div id=\"pgc-w5e188fa7a6def-0-1\"  class=\"panel-grid-cell panel-grid-cell-empty\" ><\/div><div id=\"pgc-w5e188fa7a6def-0-2\"  class=\"panel-grid-cell panel-grid-cell-empty\" ><\/div><div id=\"pgc-w5e188fa7a6def-0-3\"  class=\"panel-grid-cell panel-grid-cell-empty\" ><\/div><div id=\"pgc-w5e188fa7a6def-0-4\"  class=\"panel-grid-cell\" ><div id=\"panel-w5e188fa7a6def-0-4-0\" class=\"so-panel widget widget_sow-button panel-first-child panel-last-child\" data-index=\"0\" ><div\n\t\t\t\n\t\t\tclass=\"so-widget-sow-button so-widget-sow-button-flat-109da1c73b2c\"\n\t\t\t\n\t\t><div class=\"ow-button-base ow-button-align-center\"\n>\n\t\t\t<a\n\t\t\t\t\thref=\"https:\/\/isbw.be\/professionnel\/\"\n\t\t\t\t\tclass=\"sowb-button ow-icon-placement-left ow-button-hover\" title=\"vers Accueil - Professionnel\" \t>\n\t\t<span>\n\t\t\t<span class=\"sow-icon-ionicons\" data-sow-icon=\"&#xf38f;\"\n\t\tstyle=\"color: #ffffff\" \n\t\taria-hidden=\"true\"><\/span>\n\t\t\t\t\t<\/span>\n\t\t\t<\/a>\n\t<\/div>\n<\/div><\/div><\/div><\/div><\/div><\/div><\/div><\/div><\/div><\/div><\/div>","protected":false},"excerpt":{"rendered":"<p>Nos services en Brabant wallon&#8230; &nbsp; &nbsp; 1. Beauvechain 2. Braine-l\u2019Alleud 3. Braine-le-Ch\u00e2teau 4. Chastre 5. Chaumont-Gistoux 6. Court-Saint-Etienne 7. Genappe 8. Grez-Doiceau 9. H\u00e9l\u00e9cine 10. Incourt 11. Ittre 12. Jodoigne 13. La Hulpe 14. Lasne 15 . Mont-Saint-Guibert 16. Nivelles 17. Orp-Jauche 18. Ottignies \u2013 Lln 19. Perwez 20. Ramillies 21. Rebecq 22. Rixensart [&hellip;]<\/p>\n","protected":false},"author":1,"featured_media":0,"parent":0,"menu_order":0,"comment_status":"closed","ping_status":"closed","template":"","meta":{"footnotes":""},"class_list":["post-679","page","type-page","status-publish","czr-hentry"],"_links":{"self":[{"href":"https:\/\/isbw.be\/professionnel\/wp-json\/wp\/v2\/pages\/679","targetHints":{"allow":["GET"]}}],"collection":[{"href":"https:\/\/isbw.be\/professionnel\/wp-json\/wp\/v2\/pages"}],"about":[{"href":"https:\/\/isbw.be\/professionnel\/wp-json\/wp\/v2\/types\/page"}],"author":[{"embeddable":true,"href":"https:\/\/isbw.be\/professionnel\/wp-json\/wp\/v2\/users\/1"}],"replies":[{"embeddable":true,"href":"https:\/\/isbw.be\/professionnel\/wp-json\/wp\/v2\/comments?post=679"}],"version-history":[{"count":124,"href":"https:\/\/isbw.be\/professionnel\/wp-json\/wp\/v2\/pages\/679\/revisions"}],"predecessor-version":[{"id":2748,"href":"https:\/\/isbw.be\/professionnel\/wp-json\/wp\/v2\/pages\/679\/revisions\/2748"}],"wp:attachment":[{"href":"https:\/\/isbw.be\/professionnel\/wp-json\/wp\/v2\/media?parent=679"}],"curies":[{"name":"wp","href":"https:\/\/api.w.org\/{rel}","templated":true}]}}