{"id":860,"date":"2019-02-27T16:04:26","date_gmt":"2019-02-27T15:04:26","guid":{"rendered":"http:\/\/isbw.be\/professionnel\/?page_id=860"},"modified":"2025-11-20T11:05:55","modified_gmt":"2025-11-20T10:05:55","slug":"le-service-informatique-et-communication","status":"publish","type":"page","link":"https:\/\/isbw.be\/professionnel\/services-generaux\/le-service-informatique-et-communication\/","title":{"rendered":"Le Service informatique et communication"},"content":{"rendered":"<div id=\"pl-860\"  class=\"panel-layout\" ><div id=\"pg-860-0\"  class=\"panel-grid panel-has-style\" ><div class=\"siteorigin-panels-stretch panel-row-style panel-row-style-for-860-0\" id=\"Bkg2\" data-stretch-type=\"full\" ><div id=\"pgc-860-0-0\"  class=\"panel-grid-cell\" ><div id=\"panel-860-0-0-0\" class=\"so-panel widget widget_siteorigin-panels-builder panel-first-child panel-last-child\" data-index=\"0\" ><div id=\"pl-w691ee7fd7bf39\"  class=\"panel-layout\" ><div id=\"pg-w691ee7fd7bf39-0\"  class=\"panel-grid panel-no-style\" ><div id=\"pgc-w691ee7fd7bf39-0-0\"  class=\"panel-grid-cell\" ><div id=\"panel-w691ee7fd7bf39-0-0-0\" class=\"so-panel widget widget_sow-editor panel-first-child panel-last-child\" data-index=\"0\" ><div\n\t\t\t\n\t\t\tclass=\"so-widget-sow-editor so-widget-sow-editor-base\"\n\t\t\t\n\t\t>\n<div class=\"siteorigin-widget-tinymce textwidget\">\n\t<h1><strong>Les Services g\u00e9n\u00e9raux<\/strong><\/h1>\n<\/div>\n<\/div><\/div><\/div><\/div><div id=\"pg-w691ee7fd7bf39-1\"  class=\"panel-grid panel-has-style\" ><div class=\"Titrenonbouton panel-row-style panel-row-style-for-w691ee7fd7bf39-1\" ><div id=\"pgc-w691ee7fd7bf39-1-0\"  class=\"panel-grid-cell\" ><div id=\"panel-w691ee7fd7bf39-1-0-0\" class=\"so-panel widget widget_sow-icon panel-first-child panel-last-child\" data-index=\"1\" ><div\n\t\t\t\n\t\t\tclass=\"so-widget-sow-icon so-widget-sow-icon-default-bea670614984\"\n\t\t\t\n\t\t>\n<div class=\"sow-icon-container sow-icon\">\n\t\t\t<span class=\"sow-icon-fontawesome sow-fas\" data-sow-icon=\"&#xf0a9;\"\n\t\t \n\t\taria-hidden=\"true\"><\/span>\t<\/div>\n<\/div><\/div><\/div><div id=\"pgc-w691ee7fd7bf39-1-1\"  class=\"panel-grid-cell\" ><div id=\"panel-w691ee7fd7bf39-1-1-0\" class=\"so-panel widget widget_sow-editor panel-first-child panel-last-child\" data-index=\"2\" ><div\n\t\t\t\n\t\t\tclass=\"so-widget-sow-editor so-widget-sow-editor-base\"\n\t\t\t\n\t\t>\n<div class=\"siteorigin-widget-tinymce textwidget\">\n\t<h2>Le Service informatique et communication<\/h2>\n<\/div>\n<\/div><\/div><\/div><\/div><\/div><div id=\"pg-w691ee7fd7bf39-2\"  class=\"panel-grid panel-has-style\" ><div class=\"Titrenonbouton panel-row-style panel-row-style-for-w691ee7fd7bf39-2\" ><div id=\"pgc-w691ee7fd7bf39-2-0\"  class=\"panel-grid-cell panel-grid-cell-empty\" ><\/div><div id=\"pgc-w691ee7fd7bf39-2-1\"  class=\"panel-grid-cell\" ><div id=\"panel-w691ee7fd7bf39-2-1-0\" class=\"so-panel widget widget_sow-editor panel-first-child panel-last-child\" data-index=\"3\" ><div class=\"panel-widget-style panel-widget-style-for-w691ee7fd7bf39-2-1-0\" ><div\n\t\t\t\n\t\t\tclass=\"so-widget-sow-editor so-widget-sow-editor-base\"\n\t\t\t\n\t\t>\n<div class=\"siteorigin-widget-tinymce textwidget\">\n\t<p style=\"text-align: left; padding-left: 90px;\"><span style=\"color: #000000;\"><a style=\"color: #000000;\" href=\"https:\/\/isbw.be\/professionnel\/services-generaux\/le-service-informatique-et-communication#PROi&amp;cQuisommesnous\"><strong>Qui sommes-nous ?<\/strong><\/a><\/span><\/p>\n<p style=\"text-align: left; padding-left: 90px;\"><span style=\"color: #000000;\"><a style=\"color: #000000;\" href=\"https:\/\/isbw.be\/professionnel\/services-generaux\/le-service-informatique-et-communication#PROi&amp;cLequipe\"><strong>L'\u00e9quipe<\/strong><\/a><\/span><\/p>\n<p style=\"text-align: left; padding-left: 90px;\"><span style=\"color: #000000;\"><a style=\"color: #000000;\" href=\"https:\/\/isbw.be\/professionnel\/services-generaux\/le-service-informatique-et-communication#PROi&amp;cNouscontacter\"><strong>Nous contacter<\/strong><\/a><\/span><\/p>\n<\/div>\n<\/div><\/div><\/div><\/div><\/div><\/div><div id=\"pg-w691ee7fd7bf39-3\"  class=\"panel-grid panel-has-style\" ><div class=\"Titrenonbouton panel-row-style panel-row-style-for-w691ee7fd7bf39-3\" ><div id=\"pgc-w691ee7fd7bf39-3-0\"  class=\"panel-grid-cell panel-grid-cell-empty\" ><\/div><div id=\"pgc-w691ee7fd7bf39-3-1\"  class=\"panel-grid-cell\" ><div id=\"panel-w691ee7fd7bf39-3-1-0\" class=\"so-panel widget widget_sow-editor panel-first-child panel-last-child\" data-index=\"4\" ><div class=\"BlocTexteDeco panel-widget-style panel-widget-style-for-w691ee7fd7bf39-3-1-0\" ><div\n\t\t\t\n\t\t\tclass=\"so-widget-sow-editor so-widget-sow-editor-base\"\n\t\t\t\n\t\t>\n<div class=\"siteorigin-widget-tinymce textwidget\">\n\t<h3><a id=\"PROi&amp;cQuisommesnous\"><\/a>Qui sommes-nous ?<\/h3>\n<p style=\"text-align: left; padding-left: 30px;\">Le Service informatique et communication a pour mission de promouvoir et faire conna\u00eetre, en interne et en externe, l\u2019ensemble des activit\u00e9s de l\u2019ISBW et d\u2019assurer la diffusion de l\u2019information aupr\u00e8s de son personnel, de ses partenaires mais aussi des medias et toute personne souhaitant en savoir plus sur notre institution.<br \/>\nCette information est accessible (pour tous public et professionnels) sur notre site. L\u2019intranet est r\u00e9serv\u00e9 au personnel et aux instances de l\u2019intercommunale, on y retrouve notamment \u00ab le Petit r@pporteur\", le journal interne de l\u2019ISBW.<br \/>\nLe Service informatique et communication apporte aussi son aide aux autres Services de l\u2019ISBW pour la conception et la production de mat\u00e9riel de communication.<br \/>\nC\u2019est \u00e9galement \u00e0 ce Service qu\u2019il faut s\u2019adresser pour la gestion du mat\u00e9riel destin\u00e9 aux formations organis\u00e9es par l\u2019ISBW (notamment les appareils de sonorisation, de projection). Il g\u00e8re le parc informatique de l\u2019ISBW, sa mise en r\u00e9seau et sa logistique.<br \/>\nPour toute question, demande d'information ou d'interview, mais \u00e9galement pour tout probl\u00e8me d\u2019ordre technique (en lien avec notre site, l\u2019intranet ISBW, notre serveur, la gestion des mails entrant et sortant, \u2026), n\u2019h\u00e9sitez pas \u00e0 nous contacter : <span style=\"color: #000000;\"><a style=\"color: #000000;\" href=\"mailto:infocom@isbw.be\">infocom@isbw.be<\/a><\/span><\/p>\n<\/div>\n<\/div><\/div><\/div><\/div><\/div><\/div><div id=\"pg-w691ee7fd7bf39-4\"  class=\"panel-grid panel-has-style\" ><div class=\"Titrenonbouton panel-row-style panel-row-style-for-w691ee7fd7bf39-4\" ><div id=\"pgc-w691ee7fd7bf39-4-0\"  class=\"panel-grid-cell panel-grid-cell-empty\" ><\/div><div id=\"pgc-w691ee7fd7bf39-4-1\"  class=\"panel-grid-cell\" ><div id=\"panel-w691ee7fd7bf39-4-1-0\" class=\"so-panel widget widget_sow-editor panel-first-child panel-last-child\" data-index=\"5\" ><div class=\"BlocTexteDeco panel-widget-style panel-widget-style-for-w691ee7fd7bf39-4-1-0\" ><div\n\t\t\t\n\t\t\tclass=\"so-widget-sow-editor so-widget-sow-editor-base\"\n\t\t\t\n\t\t>\n<div class=\"siteorigin-widget-tinymce textwidget\">\n\t<h3><a id=\"PROi&amp;cLequipe\"><\/a>L'\u00e9quipe<\/h3>\n<p style=\"text-align: left; padding-left: 30px;\">Le Service informatique et communication est compos\u00e9 de 4 collaborateurs\/trices :<\/p>\n<ul class=\"Decaliste\">\n<li style=\"text-align: left;\">Pascale Koning ;<\/li>\n<li style=\"text-align: left;\">Pierre Lucas ;<\/li>\n<li style=\"text-align: left;\">S\u00e9bastien Farese<\/li>\n<li style=\"text-align: left;\">Adrien Mertens.<\/li>\n<\/ul>\n<\/div>\n<\/div><\/div><\/div><\/div><\/div><\/div><div id=\"pg-w691ee7fd7bf39-5\"  class=\"panel-grid panel-has-style\" ><div class=\"Titrenonbouton panel-row-style panel-row-style-for-w691ee7fd7bf39-5\" ><div id=\"pgc-w691ee7fd7bf39-5-0\"  class=\"panel-grid-cell panel-grid-cell-empty\" ><\/div><div id=\"pgc-w691ee7fd7bf39-5-1\"  class=\"panel-grid-cell\" ><div id=\"panel-w691ee7fd7bf39-5-1-0\" class=\"so-panel widget widget_sow-editor panel-first-child panel-last-child\" data-index=\"6\" ><div class=\"panel-widget-style panel-widget-style-for-w691ee7fd7bf39-5-1-0\" ><div\n\t\t\t\n\t\t\tclass=\"so-widget-sow-editor so-widget-sow-editor-base\"\n\t\t\t\n\t\t>\n<div class=\"siteorigin-widget-tinymce textwidget\">\n\t<h3><a id=\"PROi&amp;cNouscontacter\"><\/a>Nous contacter<\/h3>\n<p style=\"text-align: left; padding-left: 30px;\">Notre adresse postale :<\/p>\n<p style=\"text-align: left; padding-left: 70px;\">Intercommunale Sociale du Brabant wallon, Infocom, rue du Cerf 200, 1332 Rixensart.<\/p>\n<p style=\"text-align: left; padding-left: 30px;\">Pour nous joindre par mail : <span style=\"color: #000000;\"><a style=\"color: #000000;\" href=\"mailto:infocom@isbw.be\">infocom@isbw.be<\/a><\/span><\/p>\n<p style=\"text-align: left; padding-left: 30px;\">Par t\u00e9l\u00e9phone : <span style=\"color: #000000;\"><a style=\"color: #000000;\" href=\"tel:+3223151356\">02-315.13.56<\/a><\/span><\/p>\n<\/div>\n<\/div><\/div><\/div><\/div><\/div><\/div><\/div><\/div><\/div><\/div><\/div><div id=\"pg-860-1\"  class=\"panel-grid panel-has-style\" ><div class=\"siteorigin-panels-stretch panel-row-style panel-row-style-for-860-1\" data-stretch-type=\"full\" ><div id=\"pgc-860-1-0\"  class=\"panel-grid-cell\" ><div id=\"panel-860-1-0-0\" class=\"so-panel widget widget_sow-button panel-first-child panel-last-child\" data-index=\"1\" ><div class=\"BoutonQuestion panel-widget-style panel-widget-style-for-860-1-0-0\" ><div\n\t\t\t\n\t\t\tclass=\"so-widget-sow-button so-widget-sow-button-flat-6b5f058a71cd-860\"\n\t\t\t\n\t\t><div class=\"ow-button-base ow-button-align-left\"\n>\n\t\t\t<a\n\t\t\t\t\thref=\"https:\/\/isbw.be\/professionnel\/services-generaux\/le-pole-budget-finances\/\"\n\t\t\t\t\tclass=\"sowb-button ow-icon-placement-left ow-button-hover\" title=\"vers le Job-coaching\" \t>\n\t\t<span>\n\t\t\t<span class=\"sow-icon-fontawesome sow-far\" data-sow-icon=\"&#xf0a4;\"\n\t\tstyle=\"color: #dd3333\" \n\t\taria-hidden=\"true\"><\/span>\n\t\t\tLe P\u00f4le budgets et finances\t\t<\/span>\n\t\t\t<\/a>\n\t<\/div>\n<\/div><\/div><\/div><\/div><\/div><\/div><div id=\"pg-860-2\"  class=\"panel-grid panel-has-style\" ><div class=\"siteorigin-panels-stretch panel-row-style panel-row-style-for-860-2\" data-stretch-type=\"full\" ><div id=\"pgc-860-2-0\"  class=\"panel-grid-cell\" ><div id=\"panel-860-2-0-0\" class=\"so-panel widget widget_sow-button panel-first-child panel-last-child\" data-index=\"2\" ><div class=\"BoutonQuestion panel-widget-style panel-widget-style-for-860-2-0-0\" ><div\n\t\t\t\n\t\t\tclass=\"so-widget-sow-button so-widget-sow-button-flat-6b5f058a71cd-860\"\n\t\t\t\n\t\t><div class=\"ow-button-base ow-button-align-left\"\n>\n\t\t\t<a\n\t\t\t\t\thref=\"https:\/\/isbw.be\/professionnel\/services-generaux\/le-pole-ressources-humaines\/\"\n\t\t\t\t\tclass=\"sowb-button ow-icon-placement-left ow-button-hover\" title=\"vers le Job-coaching\" \t>\n\t\t<span>\n\t\t\t<span class=\"sow-icon-fontawesome sow-far\" data-sow-icon=\"&#xf0a4;\"\n\t\tstyle=\"color: #dd3333\" \n\t\taria-hidden=\"true\"><\/span>\n\t\t\tLe P\u00f4le ressources humaines\t\t<\/span>\n\t\t\t<\/a>\n\t<\/div>\n<\/div><\/div><\/div><\/div><\/div><\/div><div id=\"pg-860-3\"  class=\"panel-grid panel-has-style\" ><div class=\"siteorigin-panels-stretch panel-row-style panel-row-style-for-860-3\" data-stretch-type=\"full\" ><div id=\"pgc-860-3-0\"  class=\"panel-grid-cell\" ><div id=\"panel-860-3-0-0\" class=\"so-panel widget widget_sow-button panel-first-child panel-last-child\" data-index=\"3\" ><div class=\"BoutonQuestion panel-widget-style panel-widget-style-for-860-3-0-0\" ><div\n\t\t\t\n\t\t\tclass=\"so-widget-sow-button so-widget-sow-button-flat-6b5f058a71cd-860\"\n\t\t\t\n\t\t><div class=\"ow-button-base ow-button-align-left\"\n>\n\t\t\t<a\n\t\t\t\t\thref=\"https:\/\/isbw.be\/professionnel\/services-generaux\/la-direction-generale\/\"\n\t\t\t\t\tclass=\"sowb-button ow-icon-placement-left ow-button-hover\" title=\"vers le Job-coaching\" \t>\n\t\t<span>\n\t\t\t<span class=\"sow-icon-fontawesome sow-far\" data-sow-icon=\"&#xf0a4;\"\n\t\tstyle=\"color: #dd3333\" \n\t\taria-hidden=\"true\"><\/span>\n\t\t\tLa Direction g\u00e9n\u00e9rale\t\t<\/span>\n\t\t\t<\/a>\n\t<\/div>\n<\/div><\/div><\/div><\/div><\/div><\/div><div id=\"pg-860-4\"  class=\"panel-grid panel-has-style\" ><div class=\"siteorigin-panels-stretch panel-row-style panel-row-style-for-860-4\" data-stretch-type=\"full\" ><div id=\"pgc-860-4-0\"  class=\"panel-grid-cell\" ><div id=\"panel-860-4-0-0\" class=\"so-panel widget widget_sow-button panel-first-child panel-last-child\" data-index=\"4\" ><div class=\"BoutonQuestion panel-widget-style panel-widget-style-for-860-4-0-0\" ><div\n\t\t\t\n\t\t\tclass=\"so-widget-sow-button so-widget-sow-button-flat-6b5f058a71cd-860\"\n\t\t\t\n\t\t><div class=\"ow-button-base ow-button-align-left\"\n>\n\t\t\t<a\n\t\t\t\t\thref=\"https:\/\/isbw.be\/professionnel\/services-generaux\/le-service-interne-de-prevention-et-de-protection\/\"\n\t\t\t\t\tclass=\"sowb-button ow-icon-placement-left ow-button-hover\" title=\"vers le Job-coaching\" \t>\n\t\t<span>\n\t\t\t<span class=\"sow-icon-fontawesome sow-far\" data-sow-icon=\"&#xf0a4;\"\n\t\tstyle=\"color: #dd3333\" \n\t\taria-hidden=\"true\"><\/span>\n\t\t\tLe Service interne de pr\u00e9vention et de protection\t\t<\/span>\n\t\t\t<\/a>\n\t<\/div>\n<\/div><\/div><\/div><\/div><\/div><\/div><div id=\"pg-860-5\"  class=\"panel-grid panel-has-style\" ><div class=\"siteorigin-panels-stretch panel-row-style panel-row-style-for-860-5\" data-stretch-type=\"full\" ><div id=\"pgc-860-5-0\"  class=\"panel-grid-cell\" ><div id=\"panel-860-5-0-0\" class=\"so-panel widget widget_siteorigin-panels-builder panel-first-child panel-last-child\" data-index=\"5\" ><div id=\"pl-w5c6191a927186\"  class=\"panel-layout\" ><div id=\"pg-w5c6191a927186-0\"  class=\"panel-grid panel-has-style\" ><div class=\"panel-row-style panel-row-style-for-w5c6191a927186-0\" ><div id=\"pgc-w5c6191a927186-0-0\"  class=\"panel-grid-cell panel-grid-cell-empty\" ><\/div><div id=\"pgc-w5c6191a927186-0-1\"  class=\"panel-grid-cell panel-grid-cell-empty\" ><\/div><div id=\"pgc-w5c6191a927186-0-2\"  class=\"panel-grid-cell panel-grid-cell-empty\" ><\/div><div id=\"pgc-w5c6191a927186-0-3\"  class=\"panel-grid-cell panel-grid-cell-empty\" ><\/div><div id=\"pgc-w5c6191a927186-0-4\"  class=\"panel-grid-cell\" ><div id=\"panel-w5c6191a927186-0-4-0\" class=\"so-panel widget widget_sow-button panel-first-child panel-last-child\" data-index=\"0\" ><div\n\t\t\t\n\t\t\tclass=\"so-widget-sow-button so-widget-sow-button-flat-de31a69c3823\"\n\t\t\t\n\t\t><div class=\"ow-button-base ow-button-align-right\"\n>\n\t\t\t<a\n\t\t\t\t\thref=\"https:\/\/isbw.be\/professionnel\/services-generaux\/\"\n\t\t\t\t\tclass=\"sowb-button ow-icon-placement-left ow-button-hover\" title=\"vers l&#039;Accompagnement\" \t>\n\t\t<span>\n\t\t\t<span class=\"sow-icon-ionicons\" data-sow-icon=\"&#xf124;\"\n\t\tstyle=\"color: #ffffff\" \n\t\taria-hidden=\"true\"><\/span>\n\t\t\t\t\t<\/span>\n\t\t\t<\/a>\n\t<\/div>\n<\/div><\/div><\/div><\/div><\/div><\/div><\/div><\/div><\/div><\/div><\/div>","protected":false},"excerpt":{"rendered":"<p>Les Services g\u00e9n\u00e9raux Le Service informatique et communication Qui sommes-nous ? L&rsquo;\u00e9quipe Nous contacter Qui sommes-nous ? Le Service informatique et communication a pour mission de promouvoir et faire conna\u00eetre, en interne et en externe, l\u2019ensemble des activit\u00e9s de l\u2019ISBW et d\u2019assurer la diffusion de l\u2019information aupr\u00e8s de son personnel, de ses partenaires mais aussi [&hellip;]<\/p>\n","protected":false},"author":1,"featured_media":0,"parent":437,"menu_order":0,"comment_status":"closed","ping_status":"closed","template":"","meta":{"footnotes":""},"class_list":["post-860","page","type-page","status-publish","czr-hentry"],"_links":{"self":[{"href":"https:\/\/isbw.be\/professionnel\/wp-json\/wp\/v2\/pages\/860","targetHints":{"allow":["GET"]}}],"collection":[{"href":"https:\/\/isbw.be\/professionnel\/wp-json\/wp\/v2\/pages"}],"about":[{"href":"https:\/\/isbw.be\/professionnel\/wp-json\/wp\/v2\/types\/page"}],"author":[{"embeddable":true,"href":"https:\/\/isbw.be\/professionnel\/wp-json\/wp\/v2\/users\/1"}],"replies":[{"embeddable":true,"href":"https:\/\/isbw.be\/professionnel\/wp-json\/wp\/v2\/comments?post=860"}],"version-history":[{"count":57,"href":"https:\/\/isbw.be\/professionnel\/wp-json\/wp\/v2\/pages\/860\/revisions"}],"predecessor-version":[{"id":2976,"href":"https:\/\/isbw.be\/professionnel\/wp-json\/wp\/v2\/pages\/860\/revisions\/2976"}],"up":[{"embeddable":true,"href":"https:\/\/isbw.be\/professionnel\/wp-json\/wp\/v2\/pages\/437"}],"wp:attachment":[{"href":"https:\/\/isbw.be\/professionnel\/wp-json\/wp\/v2\/media?parent=860"}],"curies":[{"name":"wp","href":"https:\/\/api.w.org\/{rel}","templated":true}]}}